Last updated on 2025-07-20 08:49:54 CEST.
Flavor | Version | Tinstall | Tcheck | Ttotal | Status | Flags |
---|---|---|---|---|---|---|
r-devel-linux-x86_64-debian-clang | 5.5.2 | 17.87 | 96.50 | 114.37 | NOTE | |
r-devel-linux-x86_64-debian-gcc | 5.5.2 | 12.88 | 62.62 | 75.50 | NOTE | |
r-devel-linux-x86_64-fedora-clang | 5.5.2 | 165.94 | NOTE | |||
r-devel-linux-x86_64-fedora-gcc | 5.5.2 | 160.24 | NOTE | |||
r-devel-windows-x86_64 | 5.5.2 | 19.00 | 111.00 | 130.00 | NOTE | |
r-patched-linux-x86_64 | 5.5.2 | 19.43 | 88.65 | 108.08 | NOTE | |
r-release-linux-x86_64 | 5.5.2 | 15.40 | 88.69 | 104.09 | NOTE | |
r-release-macos-arm64 | 5.5.2 | 48.00 | NOTE | |||
r-release-macos-x86_64 | 5.5.2 | 110.00 | NOTE | |||
r-release-windows-x86_64 | 5.5.2 | 17.00 | 112.00 | 129.00 | NOTE | |
r-oldrel-macos-arm64 | 5.5.2 | 47.00 | NOTE | |||
r-oldrel-macos-x86_64 | 5.5.2 | 90.00 | NOTE | |||
r-oldrel-windows-x86_64 | 5.5.2 | 27.00 | 141.00 | 168.00 | NOTE |
Version: 5.5.2
Check: Rd files
Result: NOTE
checkRd: (-1) ZIClass.Rd:87: Escaped LaTeX specials: \_
checkRd: (-1) ZITrain.Rd:72: Escaped LaTeX specials: \_
checkRd: (-1) ZITrain.Rd:74: Escaped LaTeX specials: \_
checkRd: (-1) zid.Rd:45: Escaped LaTeX specials: \_
checkRd: (-1) zim.Rd:63: Escaped LaTeX specials: \_
checkRd: (-1) zim.Rd:182: Lost braces
182 | dQuote{tab-delimited text file} when you have done and close the spreadsheet
| ^
Flavors: r-devel-linux-x86_64-debian-clang, r-devel-linux-x86_64-debian-gcc, r-devel-linux-x86_64-fedora-clang, r-devel-linux-x86_64-fedora-gcc, r-devel-windows-x86_64, r-patched-linux-x86_64, r-release-linux-x86_64, r-release-macos-arm64, r-release-macos-x86_64, r-release-windows-x86_64, r-oldrel-macos-arm64, r-oldrel-macos-x86_64, r-oldrel-windows-x86_64