CRAN Package Check Results for Package weightedScores

Last updated on 2025-07-20 08:49:54 CEST.

Flavor Version Tinstall Tcheck Ttotal Status Flags
r-devel-linux-x86_64-debian-clang 0.9.5.3 9.14 115.86 125.00 NOTE
r-devel-linux-x86_64-debian-gcc 0.9.5.3 6.68 66.82 73.50 NOTE
r-devel-linux-x86_64-fedora-clang 0.9.5.3 194.21 NOTE
r-devel-linux-x86_64-fedora-gcc 0.9.5.3 192.15 NOTE
r-devel-windows-x86_64 0.9.5.3 12.00 113.00 125.00 NOTE
r-patched-linux-x86_64 0.9.5.3 9.06 108.76 117.82 NOTE
r-release-linux-x86_64 0.9.5.3 9.09 116.97 126.06 NOTE
r-release-macos-arm64 0.9.5.3 40.00 NOTE
r-release-macos-x86_64 0.9.5.3 107.00 NOTE
r-release-windows-x86_64 0.9.5.3 12.00 112.00 124.00 NOTE
r-oldrel-macos-arm64 0.9.5.3 42.00 NOTE
r-oldrel-macos-x86_64 0.9.5.3 86.00 NOTE
r-oldrel-windows-x86_64 0.9.5.3 13.00 143.00 156.00 NOTE

Check Details

Version: 0.9.5.3
Check: CRAN incoming feasibility
Result: NOTE Maintainer: ‘Aristidis K. Nikoloulopoulos <a.nikoloulopoulos@uea.ac.uk>’ The Description field contains <arXiv:1510.07376>. Please refer to arXiv e-prints via their arXiv DOI <doi:10.48550/arXiv.YYMM.NNNNN>. Flavors: r-devel-linux-x86_64-debian-clang, r-devel-linux-x86_64-debian-gcc

Version: 0.9.5.3
Check: Rd files
Result: NOTE checkRd: (-1) CLIC.Rd:149: Lost braces 149 | Composite likelihood {E}{M} algorithm with applications to | ^ Flavors: r-devel-linux-x86_64-debian-clang, r-devel-linux-x86_64-debian-gcc, r-devel-linux-x86_64-fedora-clang, r-devel-linux-x86_64-fedora-gcc, r-devel-windows-x86_64, r-patched-linux-x86_64, r-release-linux-x86_64, r-release-macos-arm64, r-release-macos-x86_64, r-release-windows-x86_64, r-oldrel-macos-arm64, r-oldrel-macos-x86_64, r-oldrel-windows-x86_64

Version: 0.9.5.3
Check: compiled code
Result: NOTE File ‘weightedScores/libs/weightedScores.so’: Found no calls to: ‘R_registerRoutines’, ‘R_useDynamicSymbols’ It is good practice to register native routines and to disable symbol search. See ‘Writing portable packages’ in the ‘Writing R Extensions’ manual. Flavors: r-devel-linux-x86_64-fedora-clang, r-devel-linux-x86_64-fedora-gcc