CRAN Package Check Results for Package waydown

Last updated on 2025-07-20 08:49:54 CEST.

Flavor Version Tinstall Tcheck Ttotal Status Flags
r-devel-linux-x86_64-debian-clang 1.1.0 1.72 166.19 167.91 NOTE
r-devel-linux-x86_64-debian-gcc 1.1.0 1.42 98.62 100.04 NOTE
r-devel-linux-x86_64-fedora-clang 1.1.0 275.81 OK
r-devel-linux-x86_64-fedora-gcc 1.1.0 281.82 OK
r-devel-windows-x86_64 1.1.0 4.00 203.00 207.00 OK
r-patched-linux-x86_64 1.1.0 1.54 156.88 158.42 OK
r-release-linux-x86_64 1.1.0 1.65 157.32 158.97 OK
r-release-macos-arm64 1.1.0 78.00 OK
r-release-macos-x86_64 1.1.0 167.00 OK
r-release-windows-x86_64 1.1.0 3.00 185.00 188.00 OK
r-oldrel-macos-arm64 1.1.0 63.00 NOTE
r-oldrel-macos-x86_64 1.1.0 119.00 NOTE
r-oldrel-windows-x86_64 1.1.0 3.00 240.00 243.00 NOTE

Check Details

Version: 1.1.0
Check: CRAN incoming feasibility
Result: NOTE Maintainer: ‘Pablo Rodríguez-Sánchez <pablo.rodriguez.sanchez@gmail.com>’ No Authors@R field in DESCRIPTION. Please add one, modifying Authors@R: person(given = "Pablo", family = "Rodríguez-Sánchez", role = c("aut", "cre"), email = "pablo.rodriguez.sanchez@gmail.com") as necessary. Flavors: r-devel-linux-x86_64-debian-clang, r-devel-linux-x86_64-debian-gcc

Version: 1.1.0
Check: LazyData
Result: NOTE 'LazyData' is specified without a 'data' directory Flavors: r-oldrel-macos-arm64, r-oldrel-macos-x86_64, r-oldrel-windows-x86_64