Last updated on 2025-07-20 08:49:54 CEST.
Flavor | Version | Tinstall | Tcheck | Ttotal | Status | Flags |
---|---|---|---|---|---|---|
r-devel-linux-x86_64-debian-clang | 1.0.1 | 17.22 | 180.61 | 197.83 | OK | |
r-devel-linux-x86_64-debian-gcc | 1.0.1 | 11.30 | 133.56 | 144.86 | OK | |
r-devel-linux-x86_64-fedora-clang | 1.0.1 | 315.13 | OK | |||
r-devel-linux-x86_64-fedora-gcc | 1.0.1 | 313.73 | OK | |||
r-devel-windows-x86_64 | 1.0.1 | 19.00 | 179.00 | 198.00 | OK | |
r-patched-linux-x86_64 | 1.0.1 | 16.42 | 171.53 | 187.95 | OK | |
r-release-linux-x86_64 | 1.0.1 | 15.08 | 172.79 | 187.87 | OK | |
r-release-macos-arm64 | 1.0.1 | 89.00 | OK | |||
r-release-macos-x86_64 | 1.0.1 | 191.00 | OK | |||
r-release-windows-x86_64 | 1.0.1 | 20.00 | 174.00 | 194.00 | OK | |
r-oldrel-macos-arm64 | 1.0.1 | 92.00 | NOTE | |||
r-oldrel-macos-x86_64 | 1.0.1 | 187.00 | NOTE | |||
r-oldrel-windows-x86_64 | 1.0.1 | 24.00 | 224.00 | 248.00 | NOTE |
Version: 1.0.1
Check: package dependencies
Result: NOTE
Package suggested but not available for checking: ‘INLA’
Flavors: r-oldrel-macos-arm64, r-oldrel-macos-x86_64
Version: 1.0.1
Check: installed package size
Result: NOTE
installed size is 9.9Mb
sub-directories of 1Mb or more:
doc 8.8Mb
Flavors: r-oldrel-macos-arm64, r-oldrel-macos-x86_64, r-oldrel-windows-x86_64