Last updated on 2025-07-20 08:49:53 CEST.
Flavor | Version | Tinstall | Tcheck | Ttotal | Status | Flags |
---|---|---|---|---|---|---|
r-devel-linux-x86_64-debian-clang | 0.7.2 | 2.80 | 63.94 | 66.74 | OK | |
r-devel-linux-x86_64-debian-gcc | 0.7.2 | 2.32 | 43.37 | 45.69 | OK | |
r-devel-linux-x86_64-fedora-clang | 0.7.2 | 115.20 | NOTE | |||
r-devel-linux-x86_64-fedora-gcc | 0.7.2 | 123.21 | NOTE | |||
r-devel-windows-x86_64 | 0.7.2 | 5.00 | 86.00 | 91.00 | OK | |
r-patched-linux-x86_64 | 0.7.2 | 3.60 | 61.41 | 65.01 | OK | |
r-release-linux-x86_64 | 0.7.2 | 3.12 | 60.36 | 63.48 | OK | |
r-release-macos-arm64 | 0.7.2 | 69.00 | OK | |||
r-release-macos-x86_64 | 0.7.2 | 74.00 | OK | |||
r-release-windows-x86_64 | 0.7.2 | 5.00 | 83.00 | 88.00 | OK | |
r-oldrel-macos-arm64 | 0.7.2 | 40.00 | OK | |||
r-oldrel-macos-x86_64 | 0.7.2 | 52.00 | OK | |||
r-oldrel-windows-x86_64 | 0.7.2 | 5.00 | 105.00 | 110.00 | OK |
Version: 0.7.2
Check: dependencies in R code
Result: NOTE
Namespace in Imports field not imported from: ‘testthat’
All declared Imports should be used.
Flavors: r-devel-linux-x86_64-fedora-clang, r-devel-linux-x86_64-fedora-gcc