Last updated on 2025-07-20 08:49:53 CEST.
Flavor | Version | Tinstall | Tcheck | Ttotal | Status | Flags |
---|---|---|---|---|---|---|
r-devel-linux-x86_64-debian-clang | 0.1.0 | 3.65 | 34.68 | 38.33 | OK | |
r-devel-linux-x86_64-debian-gcc | 0.1.0 | 2.61 | 26.22 | 28.83 | OK | |
r-devel-linux-x86_64-fedora-clang | 0.1.0 | 60.44 | OK | |||
r-devel-linux-x86_64-fedora-gcc | 0.1.0 | 55.59 | OK | |||
r-devel-windows-x86_64 | 0.1.0 | 5.00 | 53.00 | 58.00 | OK | |
r-patched-linux-x86_64 | 0.1.0 | 3.20 | 31.09 | 34.29 | OK | |
r-release-linux-x86_64 | 0.1.0 | 3.29 | 31.31 | 34.60 | OK | |
r-release-macos-arm64 | 0.1.0 | 23.00 | OK | |||
r-release-macos-x86_64 | 0.1.0 | 33.00 | OK | |||
r-release-windows-x86_64 | 0.1.0 | 5.00 | 49.00 | 54.00 | OK | |
r-oldrel-macos-arm64 | 0.1.0 | 21.00 | NOTE | |||
r-oldrel-macos-x86_64 | 0.1.0 | 31.00 | NOTE | |||
r-oldrel-windows-x86_64 | 0.1.0 | 7.00 | 59.00 | 66.00 | NOTE |
Version: 0.1.0
Check: LazyData
Result: NOTE
'LazyData' is specified without a 'data' directory
Flavors: r-oldrel-macos-arm64, r-oldrel-macos-x86_64, r-oldrel-windows-x86_64