Last updated on 2025-09-30 20:50:55 CEST.
Flavor | Version | Tinstall | Tcheck | Ttotal | Status | Flags |
---|---|---|---|---|---|---|
r-devel-linux-x86_64-debian-clang | 0.1.9 | 370.18 | 135.52 | 505.70 | OK | |
r-devel-linux-x86_64-debian-gcc | 0.1.9 | 229.98 | 95.99 | 325.97 | OK | |
r-devel-linux-x86_64-fedora-clang | 0.1.9 | 672.63 | OK | |||
r-devel-linux-x86_64-fedora-gcc | 0.1.9 | 795.83 | OK | |||
r-devel-windows-x86_64 | 0.1.9 | 221.00 | 193.00 | 414.00 | OK | |
r-patched-linux-x86_64 | 0.1.9 | 305.23 | 129.05 | 434.28 | OK | |
r-release-linux-x86_64 | 0.1.9 | 291.82 | 130.78 | 422.60 | OK | |
r-release-macos-arm64 | 0.1.9 | 159.00 | OK | |||
r-release-macos-x86_64 | 0.1.9 | 257.00 | OK | |||
r-release-windows-x86_64 | 0.1.9 | 226.00 | 191.00 | 417.00 | OK | |
r-oldrel-macos-arm64 | 0.1.9 | 183.00 | NOTE | |||
r-oldrel-macos-x86_64 | 0.1.9 | 244.00 | NOTE | |||
r-oldrel-windows-x86_64 | 0.1.9 | 248.00 | 244.00 | 492.00 | OK |
Version: 0.1.9
Check: installed package size
Result: NOTE
installed size is 37.1Mb
sub-directories of 1Mb or more:
libs 36.3Mb
Flavors: r-oldrel-macos-arm64, r-oldrel-macos-x86_64