Last updated on 2025-09-30 20:50:54 CEST.
Flavor | Version | Tinstall | Tcheck | Ttotal | Status | Flags |
---|---|---|---|---|---|---|
r-devel-linux-x86_64-debian-clang | 0.1.0 | 11.42 | 235.23 | 246.65 | NOTE | |
r-devel-linux-x86_64-debian-gcc | 0.1.0 | 7.53 | 156.88 | 164.41 | NOTE | |
r-devel-linux-x86_64-fedora-clang | 0.1.0 | 392.90 | NOTE | |||
r-devel-linux-x86_64-fedora-gcc | 0.1.0 | 427.37 | NOTE | |||
r-devel-windows-x86_64 | 0.1.0 | 13.00 | 238.00 | 251.00 | NOTE | |
r-patched-linux-x86_64 | 0.1.0 | 11.02 | 219.63 | 230.65 | NOTE | |
r-release-linux-x86_64 | 0.1.0 | 7.45 | 222.92 | 230.37 | NOTE | |
r-release-macos-arm64 | 0.1.0 | 120.00 | NOTE | |||
r-release-macos-x86_64 | 0.1.0 | 230.00 | NOTE | |||
r-release-windows-x86_64 | 0.1.0 | 14.00 | 234.00 | 248.00 | NOTE | |
r-oldrel-macos-arm64 | 0.1.0 | 110.00 | NOTE | |||
r-oldrel-macos-x86_64 | 0.1.0 | 177.00 | NOTE | |||
r-oldrel-windows-x86_64 | 0.1.0 | 16.00 | 313.00 | 329.00 | NOTE |
Version: 0.1.0
Check: Rd files
Result: NOTE
checkRd: (-1) trait_missing.Rd:17-18: Lost braces in \itemize; \value handles \item{}{} directly
checkRd: (-1) trait_missing.Rd:19-20: Lost braces in \itemize; \value handles \item{}{} directly
checkRd: (-1) trait_missing.Rd:21-22: Lost braces in \itemize; \value handles \item{}{} directly
checkRd: (-1) trait_missing.Rd:23-24: Lost braces in \itemize; \value handles \item{}{} directly
Flavors: r-devel-linux-x86_64-debian-clang, r-devel-linux-x86_64-debian-gcc, r-devel-linux-x86_64-fedora-clang, r-devel-linux-x86_64-fedora-gcc, r-devel-windows-x86_64, r-patched-linux-x86_64, r-release-linux-x86_64, r-release-macos-arm64, r-release-macos-x86_64, r-release-windows-x86_64, r-oldrel-macos-arm64, r-oldrel-macos-x86_64, r-oldrel-windows-x86_64