Last updated on 2025-07-20 08:49:53 CEST.
Flavor | Version | Tinstall | Tcheck | Ttotal | Status | Flags |
---|---|---|---|---|---|---|
r-devel-linux-x86_64-debian-clang | 1.0.2 | 45.07 | 24.61 | 69.68 | OK | |
r-devel-linux-x86_64-debian-gcc | 1.0.2 | 39.02 | 21.18 | 60.20 | OK | |
r-devel-linux-x86_64-fedora-clang | 1.0.2 | 103.06 | OK | |||
r-devel-linux-x86_64-fedora-gcc | 1.0.2 | 105.07 | OK | |||
r-devel-windows-x86_64 | 1.0.2 | 45.00 | 48.00 | 93.00 | OK | |
r-patched-linux-x86_64 | 1.0.2 | 48.41 | 23.84 | 72.25 | OK | |
r-release-linux-x86_64 | 1.0.2 | 45.01 | 23.52 | 68.53 | OK | |
r-release-macos-arm64 | 1.0.2 | 60.00 | OK | |||
r-release-macos-x86_64 | 1.0.2 | 89.00 | OK | |||
r-release-windows-x86_64 | 1.0.2 | 47.00 | 47.00 | 94.00 | OK | |
r-oldrel-macos-arm64 | 1.0.2 | 60.00 | NOTE | |||
r-oldrel-macos-x86_64 | 1.0.2 | 65.00 | NOTE | |||
r-oldrel-windows-x86_64 | 1.0.2 | 47.00 | 52.00 | 99.00 | NOTE |
Version: 1.0.2
Check: installed package size
Result: NOTE
installed size is 7.4Mb
sub-directories of 1Mb or more:
data 7.3Mb
Flavors: r-oldrel-macos-arm64, r-oldrel-macos-x86_64, r-oldrel-windows-x86_64