CRAN Package Check Results for Package topologyGSA

Last updated on 2025-09-30 20:50:54 CEST.

Flavor Version Tinstall Tcheck Ttotal Status Flags
r-devel-linux-x86_64-debian-clang 1.5.0 52.37 424.70 477.07 NOTE
r-devel-linux-x86_64-debian-gcc 1.5.0 42.34 319.99 362.33 NOTE
r-devel-linux-x86_64-fedora-clang 1.5.0 715.72 OK
r-devel-linux-x86_64-fedora-gcc 1.5.0 754.61 OK
r-devel-windows-x86_64 1.5.0 52.00 349.00 401.00 OK
r-patched-linux-x86_64 1.5.0 49.92 401.88 451.80 OK
r-release-linux-x86_64 1.5.0 47.45 404.26 451.71 OK
r-release-macos-arm64 1.5.0 179.00 OK
r-release-macos-x86_64 1.5.0 6.00 ERROR
r-release-windows-x86_64 1.5.0 52.00 342.00 394.00 OK
r-oldrel-macos-arm64 1.5.0 191.00 OK
r-oldrel-macos-x86_64 1.5.0 291.00 OK
r-oldrel-windows-x86_64 1.5.0 70.00 457.00 527.00 OK

Check Details

Version: 1.5.0
Check: CRAN incoming feasibility
Result: NOTE Maintainer: ‘Gabriele Sales <gabriele.sales@unipd.it>’ No Authors@R field in DESCRIPTION. Please add one, modifying Authors@R: c(person(given = "Sofia", family = "Massa", role = "aut"), person(given = "Gabriele", family = "Sales", role = c("aut", "cre"), email = "gabriele.sales@unipd.it")) as necessary. Flavors: r-devel-linux-x86_64-debian-clang, r-devel-linux-x86_64-debian-gcc

Version: 1.5.0
Check: package dependencies
Result: ERROR Package required but not available: ‘qpgraph’ See section ‘The DESCRIPTION file’ in the ‘Writing R Extensions’ manual. Flavor: r-release-macos-x86_64