CRAN Package Check Results for Package tlda

Last updated on 2025-07-20 08:49:53 CEST.

Flavor Version Tinstall Tcheck Ttotal Status Flags
r-devel-linux-x86_64-debian-clang 0.1.0 3.81 98.89 102.70 NOTE
r-devel-linux-x86_64-debian-gcc 0.1.0 2.73 65.08 67.81 NOTE
r-devel-linux-x86_64-fedora-clang 0.1.0 151.75 OK
r-devel-linux-x86_64-fedora-gcc 0.1.0 177.13 OK
r-devel-windows-x86_64 0.1.0 5.00 131.00 136.00 OK
r-patched-linux-x86_64 0.1.0 5.41 92.02 97.43 OK
r-release-linux-x86_64 0.1.0 3.92 94.77 98.69 OK
r-release-macos-arm64 0.1.0 56.00 OK
r-release-macos-x86_64 0.1.0 110.00 OK
r-release-windows-x86_64 0.1.0 5.00 131.00 136.00 OK
r-oldrel-macos-arm64 0.1.0 58.00 OK
r-oldrel-macos-x86_64 0.1.0 127.00 OK
r-oldrel-windows-x86_64 0.1.0 8.00 166.00 174.00 OK

Check Details

Version: 0.1.0
Check: DESCRIPTION meta-information
Result: NOTE Author field differs from that derived from Authors@R Author: ‘Lukas Soenning [aut, cre, cph] (<https://orcid.org/0000-0002-2705-395X>), German Research Foundation (DFG) [fnd] (018mejw64, Grant number 548274092)’ Authors@R: ‘Lukas Soenning [aut, cre, cph] (ORCID: <https://orcid.org/0000-0002-2705-395X>), German Research Foundation (DFG) [fnd] (ROR: <https://ror.org/018mejw64>, Grant number 548274092)’ Flavors: r-devel-linux-x86_64-debian-clang, r-devel-linux-x86_64-debian-gcc