CRAN Package Check Results for Package tidyfast

Last updated on 2025-07-20 08:49:53 CEST.

Flavor Version Tinstall Tcheck Ttotal Status Flags
r-devel-linux-x86_64-debian-clang 0.4.0 5.38 45.01 50.39 NOTE
r-devel-linux-x86_64-debian-gcc 0.4.0 3.59 32.15 35.74 NOTE
r-devel-linux-x86_64-fedora-clang 0.4.0 73.02 OK
r-devel-linux-x86_64-fedora-gcc 0.4.0 66.86 OK
r-devel-windows-x86_64 0.4.0 9.00 62.00 71.00 OK
r-patched-linux-x86_64 0.4.0 5.04 37.31 42.35 OK
r-release-linux-x86_64 0.4.0 4.23 37.53 41.76 OK
r-release-macos-arm64 0.4.0 25.00 OK
r-release-macos-x86_64 0.4.0 42.00 OK
r-release-windows-x86_64 0.4.0 9.00 61.00 70.00 OK
r-oldrel-macos-arm64 0.4.0 25.00 OK
r-oldrel-macos-x86_64 0.4.0 35.00 OK
r-oldrel-windows-x86_64 0.4.0 10.00 70.00 80.00 OK

Check Details

Version: 0.4.0
Check: DESCRIPTION meta-information
Result: NOTE Author field differs from that derived from Authors@R Author: ‘Tyson Barrett [aut, cre] (<https://orcid.org/0000-0002-2137-1391>), Mark Fairbanks [ctb], Ivan Leung [ctb], Indrajeet Patil [ctb] (<https://orcid.org/0000-0003-1995-6531>, @patilindrajeets)’ Authors@R: ‘Tyson Barrett [aut, cre] (ORCID: <https://orcid.org/0000-0002-2137-1391>), Mark Fairbanks [ctb], Ivan Leung [ctb], Indrajeet Patil [ctb] (ORCID: <https://orcid.org/0000-0003-1995-6531>, Twitter: @patilindrajeets)’ Flavors: r-devel-linux-x86_64-debian-clang, r-devel-linux-x86_64-debian-gcc