CRAN Package Check Results for Package survobj

Last updated on 2025-07-20 08:49:52 CEST.

Flavor Version Tinstall Tcheck Ttotal Status Flags
r-devel-linux-x86_64-debian-clang 3.1.1 11.36 164.90 176.26 NOTE
r-devel-linux-x86_64-debian-gcc 3.1.1 7.75 124.14 131.89 NOTE
r-devel-linux-x86_64-fedora-clang 3.1.1 270.16 NOTE
r-devel-linux-x86_64-fedora-gcc 3.1.1 276.23 NOTE
r-devel-windows-x86_64 3.1.1 12.00 189.00 201.00 NOTE
r-patched-linux-x86_64 3.1.1 9.58 158.60 168.18 NOTE
r-release-linux-x86_64 3.1.1 10.35 160.86 171.21 NOTE
r-release-macos-arm64 3.1.1 94.00 NOTE
r-release-macos-x86_64 3.1.1 200.00 NOTE
r-release-windows-x86_64 3.1.1 13.00 176.00 189.00 NOTE
r-oldrel-macos-arm64 3.1.1 102.00 OK
r-oldrel-macos-x86_64 3.1.1 266.00 OK
r-oldrel-windows-x86_64 3.1.1 15.00 238.00 253.00 OK

Check Details

Version: 3.1.1
Check: DESCRIPTION meta-information
Result: NOTE Missing dependency on R >= 4.1.0 because package code uses the pipe |> or function shorthand \(...) syntax added in R 4.1.0. File(s) using such syntax: ‘censor_event.Rd’ ‘survival_class.R’ Flavors: r-devel-linux-x86_64-debian-clang, r-devel-linux-x86_64-debian-gcc, r-devel-linux-x86_64-fedora-clang, r-devel-linux-x86_64-fedora-gcc, r-devel-windows-x86_64, r-patched-linux-x86_64, r-release-linux-x86_64, r-release-macos-arm64, r-release-windows-x86_64

Version: 3.1.1
Check: DESCRIPTION meta-information
Result: NOTE Missing dependency on R >= 4.1.0 because package code uses the pipe |> or function shorthand \(...) syntax added in R 4.1.0. File(s) using such syntax: ‘survival_class.R’ Flavor: r-release-macos-x86_64