Last updated on 2025-07-20 08:49:51 CEST.
Flavor | Version | Tinstall | Tcheck | Ttotal | Status | Flags |
---|---|---|---|---|---|---|
r-devel-linux-x86_64-debian-clang | 0.1-5 | 10.14 | 124.31 | 134.45 | NOTE | |
r-devel-linux-x86_64-debian-gcc | 0.1-5 | 6.43 | 88.09 | 94.52 | NOTE | |
r-devel-linux-x86_64-fedora-clang | 0.1-5 | 197.33 | OK | |||
r-devel-linux-x86_64-fedora-gcc | 0.1-5 | 209.34 | OK | |||
r-devel-windows-x86_64 | 0.1-5 | 11.00 | 126.00 | 137.00 | NOTE | |
r-patched-linux-x86_64 | 0.1-5 | 11.03 | 118.01 | 129.04 | NOTE | |
r-release-linux-x86_64 | 0.1-5 | 9.37 | 118.46 | 127.83 | NOTE | |
r-release-macos-arm64 | 0.1-5 | 63.00 | OK | |||
r-release-macos-x86_64 | 0.1-5 | 123.00 | OK | |||
r-release-windows-x86_64 | 0.1-5 | 11.00 | 124.00 | 135.00 | NOTE | |
r-oldrel-macos-arm64 | 0.1-5 | 61.00 | OK | |||
r-oldrel-macos-x86_64 | 0.1-5 | 100.00 | OK | |||
r-oldrel-windows-x86_64 | 0.1-5 | 15.00 | 169.00 | 184.00 | OK |
Version: 0.1-5
Check: Rd cross-references
Result: NOTE
Found the following Rd file(s) with Rd \link{} targets missing package
anchors:
LearnerList.Rd: ctree
accuracy.Rd: classAgreement
stabletree-coercion.Rd: randomForest, RandomForest-class, cforest,
ranger
stabletree.Rd: as.party
Please provide package anchors for all Rd \link{} targets not in the
package itself and the base packages.
Flavors: r-devel-linux-x86_64-debian-clang, r-devel-linux-x86_64-debian-gcc, r-devel-windows-x86_64, r-patched-linux-x86_64, r-release-linux-x86_64, r-release-windows-x86_64