Last updated on 2025-07-20 08:49:51 CEST.
Flavor | Version | Tinstall | Tcheck | Ttotal | Status | Flags |
---|---|---|---|---|---|---|
r-devel-linux-x86_64-debian-clang | 3.4-1 | 60.98 | 332.11 | 393.09 | OK | |
r-devel-linux-x86_64-debian-gcc | 3.4-1 | 41.23 | 222.00 | 263.23 | OK | |
r-devel-linux-x86_64-fedora-clang | 3.4-1 | 645.23 | OK | |||
r-devel-linux-x86_64-fedora-gcc | 3.4-1 | 634.70 | OK | |||
r-devel-windows-x86_64 | 3.4-1 | 82.00 | 437.00 | 519.00 | OK | |
r-patched-linux-x86_64 | 3.4-1 | 77.37 | 313.09 | 390.46 | OK | |
r-release-linux-x86_64 | 3.4-1 | 61.65 | 320.52 | 382.17 | OK | |
r-release-macos-arm64 | 3.4-1 | 101.00 | OK | |||
r-release-macos-x86_64 | 3.4-1 | 283.00 | OK | |||
r-release-windows-x86_64 | 3.4-1 | 82.00 | 450.00 | 532.00 | OK | |
r-oldrel-macos-arm64 | 3.4-1 | 152.00 | NOTE | |||
r-oldrel-macos-x86_64 | 3.5-0 | 293.00 | NOTE | |||
r-oldrel-windows-x86_64 | 3.4-1 | 100.00 | 563.00 | 663.00 | OK |
Version: 3.4-1
Check: installed package size
Result: NOTE
installed size is 5.2Mb
sub-directories of 1Mb or more:
R 2.1Mb
help 2.0Mb
Flavor: r-oldrel-macos-arm64
Version: 3.5-0
Check: installed package size
Result: NOTE
installed size is 5.6Mb
sub-directories of 1Mb or more:
R 2.0Mb
help 2.2Mb
Flavor: r-oldrel-macos-x86_64