Last updated on 2025-07-19 19:50:02 CEST.
Flavor | Version | Tinstall | Tcheck | Ttotal | Status | Flags |
---|---|---|---|---|---|---|
r-devel-linux-x86_64-debian-clang | 0.3.1 | 3.04 | 228.40 | 231.44 | NOTE | |
r-devel-linux-x86_64-debian-gcc | 0.3.1 | 2.14 | 135.62 | 137.76 | NOTE | |
r-devel-linux-x86_64-fedora-clang | 0.3.1 | 370.93 | NOTE | |||
r-devel-linux-x86_64-fedora-gcc | 0.3.1 | 361.47 | NOTE | |||
r-devel-windows-x86_64 | 0.3.1 | 6.00 | 198.00 | 204.00 | NOTE | |
r-patched-linux-x86_64 | 0.3.1 | 3.24 | 215.36 | 218.60 | NOTE | |
r-release-linux-x86_64 | 0.3.1 | 3.03 | 215.22 | 218.25 | NOTE | |
r-release-macos-arm64 | 0.3.1 | 95.00 | NOTE | |||
r-release-macos-x86_64 | 0.3.1 | 231.00 | NOTE | |||
r-release-windows-x86_64 | 0.3.1 | 5.00 | 199.00 | 204.00 | NOTE | |
r-oldrel-macos-arm64 | 0.3.1 | 93.00 | OK | |||
r-oldrel-macos-x86_64 | 0.3.1 | 179.00 | OK | |||
r-oldrel-windows-x86_64 | 0.3.1 | 6.00 | 277.00 | 283.00 | OK |
Version: 0.3.1
Check: DESCRIPTION meta-information
Result: NOTE
Missing dependency on R >= 4.1.0 because package code uses the pipe
|> or function shorthand \(...) syntax added in R 4.1.0.
File(s) using such syntax:
‘bootstrap-projection.R’ ‘bootstrap_CIs.Rd’ ‘bundle_sim.R’
‘calc_coverage.R’ ‘calc_rejection.R’ ‘extrapolate_coverage.Rd’
‘utilities.R’
Flavors: r-devel-linux-x86_64-debian-clang, r-devel-linux-x86_64-debian-gcc, r-devel-linux-x86_64-fedora-clang, r-devel-linux-x86_64-fedora-gcc, r-devel-windows-x86_64, r-patched-linux-x86_64, r-release-linux-x86_64, r-release-macos-arm64, r-release-windows-x86_64
Version: 0.3.1
Check: DESCRIPTION meta-information
Result: NOTE
Missing dependency on R >= 4.1.0 because package code uses the pipe
|> or function shorthand \(...) syntax added in R 4.1.0.
File(s) using such syntax:
‘bootstrap-projection.R’ ‘bundle_sim.R’ ‘calc_coverage.R’
‘calc_rejection.R’ ‘utilities.R’
Flavor: r-release-macos-x86_64