CRAN Package Check Results for Package shinydbauth

Last updated on 2025-09-30 20:50:51 CEST.

Flavor Version Tinstall Tcheck Ttotal Status Flags
r-devel-linux-x86_64-debian-clang 1.0.0.1 5.52 38.41 43.93 OK
r-devel-linux-x86_64-debian-gcc 1.0.0.1 3.96 28.99 32.95 OK
r-devel-linux-x86_64-fedora-clang 1.0.0.1 64.93 NOTE
r-devel-linux-x86_64-fedora-gcc 1.0.0.1 62.54 NOTE
r-devel-windows-x86_64 1.0.0.1 9.00 54.00 63.00 OK
r-patched-linux-x86_64 1.0.0.1 5.43 35.19 40.62 OK
r-release-linux-x86_64 1.0.0.1 6.05 34.92 40.97 OK
r-release-macos-arm64 1.0.0.1 23.00 OK
r-release-macos-x86_64 1.0.0.1 37.00 OK
r-release-windows-x86_64 1.0.0.1 8.00 54.00 62.00 OK
r-oldrel-macos-arm64 1.0.0.1 21.00 OK
r-oldrel-macos-x86_64 1.0.0.1 35.00 OK
r-oldrel-windows-x86_64 1.0.0.1 11.00 65.00 76.00 OK

Check Details

Version: 1.0.0.1
Check: dependencies in R code
Result: NOTE Namespaces in Imports field not imported from: ‘DT’ ‘billboarder’ ‘glue’ ‘scrypt’ ‘yaml’ All declared Imports should be used. Flavors: r-devel-linux-x86_64-fedora-clang, r-devel-linux-x86_64-fedora-gcc