Last updated on 2025-07-20 08:49:50 CEST.
Flavor | Version | Tinstall | Tcheck | Ttotal | Status | Flags |
---|---|---|---|---|---|---|
r-devel-linux-x86_64-debian-clang | 0.4.4 | 83.01 | 42.55 | 125.56 | NOTE | |
r-devel-linux-x86_64-debian-gcc | 0.4.4 | 71.51 | 32.00 | 103.51 | NOTE | |
r-devel-linux-x86_64-fedora-clang | 0.4.4 | 217.41 | NOTE | |||
r-devel-linux-x86_64-fedora-gcc | 0.4.4 | 249.44 | NOTE | |||
r-devel-windows-x86_64 | 0.4.4 | 103.00 | 90.00 | 193.00 | NOTE | |
r-patched-linux-x86_64 | 0.4.4 | 98.54 | 38.68 | 137.22 | NOTE | |
r-release-linux-x86_64 | 0.4.4 | 95.66 | 39.27 | 134.93 | NOTE | |
r-release-macos-arm64 | 0.4.4 | 58.00 | NOTE | |||
r-release-macos-x86_64 | 0.4.4 | 94.00 | NOTE | |||
r-release-windows-x86_64 | 0.4.4 | 100.00 | 88.00 | 188.00 | NOTE | |
r-oldrel-macos-arm64 | 0.4.4 | 57.00 | NOTE | |||
r-oldrel-macos-x86_64 | 0.4.4 | 69.00 | NOTE | |||
r-oldrel-windows-x86_64 | 0.4.4 | 115.00 | 112.00 | 227.00 | OK |
Version: 0.4.4
Check: compiled code
Result: NOTE
File ‘sfheaders/libs/sfheaders.so’:
Found non-API call to R: ‘STRING_PTR’
Compiled code should not call non-API entry points in R.
See ‘Writing portable packages’ in the ‘Writing R Extensions’ manual,
and section ‘Moving into C API compliance’ for issues with the use of
non-API entry points.
Flavors: r-devel-linux-x86_64-debian-clang, r-devel-linux-x86_64-debian-gcc, r-devel-linux-x86_64-fedora-clang, r-devel-linux-x86_64-fedora-gcc, r-patched-linux-x86_64, r-release-linux-x86_64, r-release-macos-arm64, r-release-macos-x86_64
Version: 0.4.4
Check: compiled code
Result: NOTE
File 'sfheaders/libs/x64/sfheaders.dll':
Found non-API call to R: 'STRING_PTR'
Compiled code should not call non-API entry points in R.
See 'Writing portable packages' in the 'Writing R Extensions' manual,
and section 'Moving into C API compliance' for issues with the use of
non-API entry points.
Flavors: r-devel-windows-x86_64, r-release-windows-x86_64
Version: 0.4.4
Check: installed package size
Result: NOTE
installed size is 8.0Mb
sub-directories of 1Mb or more:
libs 7.4Mb
Flavors: r-oldrel-macos-arm64, r-oldrel-macos-x86_64