CRAN Package Check Results for Package secr

Last updated on 2025-09-30 20:50:51 CEST.

Flavor Version Tinstall Tcheck Ttotal Status Flags
r-devel-linux-x86_64-debian-clang 5.3.0 359.02 553.99 913.01 OK
r-devel-linux-x86_64-debian-gcc 5.3.0 226.89 464.67 691.56 OK
r-devel-linux-x86_64-fedora-clang 5.3.0 1254.88 OK
r-devel-linux-x86_64-fedora-gcc 5.3.0 1189.81 OK
r-devel-windows-x86_64 5.2.4 603.00 708.00 1311.00 OK
r-patched-linux-x86_64 5.2.4 492.07 699.91 1191.98 OK
r-release-linux-x86_64 5.2.4 491.21 701.35 1192.56 OK
r-release-macos-arm64 317.00 FAIL
r-release-macos-x86_64 5.3.0 1220.00 OK
r-release-windows-x86_64 5.3.0 618.00 687.00 1305.00 OK
r-oldrel-macos-arm64 5.2.4 330.00 NOTE
r-oldrel-macos-x86_64 5.3.0 1166.00 NOTE
r-oldrel-windows-x86_64 5.3.0 399.00 606.00 1005.00 NOTE

Check Details

Version: 5.3.0
Check: tests
Result: FAIL
Flavor: r-release-macos-arm64

Version: 5.2.4
Check: installed package size
Result: NOTE installed size is 20.1Mb sub-directories of 1Mb or more: R 2.0Mb libs 16.2Mb Flavor: r-oldrel-macos-arm64

Version: 5.2.4
Check: for GNU extensions in Makefiles
Result: NOTE GNU make is a SystemRequirements. Flavor: r-oldrel-macos-arm64

Version: 5.3.0
Check: installed package size
Result: NOTE installed size is 18.9Mb sub-directories of 1Mb or more: R 2.0Mb libs 15.0Mb Flavors: r-oldrel-macos-x86_64, r-oldrel-windows-x86_64

Version: 5.3.0
Check: for GNU extensions in Makefiles
Result: NOTE GNU make is a SystemRequirements. Flavors: r-oldrel-macos-x86_64, r-oldrel-windows-x86_64