CRAN Package Check Results for Package scquantum

Last updated on 2025-07-20 08:49:49 CEST.

Flavor Version Tinstall Tcheck Ttotal Status Flags
r-devel-linux-x86_64-debian-clang 1.0.0 2.70 19.74 22.44 OK
r-devel-linux-x86_64-debian-gcc 1.0.0 2.10 16.50 18.60 OK
r-devel-linux-x86_64-fedora-clang 1.0.0 34.04 NOTE
r-devel-linux-x86_64-fedora-gcc 1.0.0 31.70 NOTE
r-devel-windows-x86_64 1.0.0 6.00 42.00 48.00 OK
r-patched-linux-x86_64 1.0.0 2.53 18.68 21.21 OK
r-release-linux-x86_64 1.0.0 2.52 18.38 20.90 OK
r-release-macos-arm64 1.0.0 24.00 OK
r-release-macos-x86_64 1.0.0 28.00 OK
r-release-windows-x86_64 1.0.0 6.00 41.00 47.00 OK
r-oldrel-macos-arm64 1.0.0 15.00 OK
r-oldrel-macos-x86_64 1.0.0 23.00 OK
r-oldrel-windows-x86_64 1.0.0 6.00 46.00 52.00 OK

Check Details

Version: 1.0.0
Check: compiled code
Result: NOTE File ‘scquantum/libs/scquantum.so’: Found no calls to: ‘R_registerRoutines’, ‘R_useDynamicSymbols’ It is good practice to register native routines and to disable symbol search. See ‘Writing portable packages’ in the ‘Writing R Extensions’ manual. Flavors: r-devel-linux-x86_64-fedora-clang, r-devel-linux-x86_64-fedora-gcc