Last updated on 2025-07-20 08:49:49 CEST.
Flavor | Version | Tinstall | Tcheck | Ttotal | Status | Flags |
---|---|---|---|---|---|---|
r-devel-linux-x86_64-debian-clang | 1.0.6 | 41.83 | 70.13 | 111.96 | OK | |
r-devel-linux-x86_64-debian-gcc | 1.0.6 | 34.35 | 48.85 | 83.20 | OK | |
r-devel-windows-x86_64 | 1.0.6 | 53.00 | 105.00 | 158.00 | OK | |
r-patched-linux-x86_64 | 1.0.6 | 46.02 | 63.73 | 109.75 | OK | |
r-release-linux-x86_64 | 1.0.6 | 43.05 | 64.33 | 107.38 | OK | |
r-release-macos-arm64 | 1.0.6 | 46.00 | OK | |||
r-release-macos-x86_64 | 1.0.6 | 83.00 | OK | |||
r-release-windows-x86_64 | 1.0.6 | 49.00 | 102.00 | 151.00 | OK | |
r-oldrel-macos-arm64 | 1.0.6 | 59.00 | NOTE | |||
r-oldrel-macos-x86_64 | 1.0.6 | 75.00 | NOTE | |||
r-oldrel-windows-x86_64 | 1.0.6 | 64.00 | 130.00 | 194.00 | OK |
Version: 1.0.6
Check: installed package size
Result: NOTE
installed size is 5.7Mb
sub-directories of 1Mb or more:
libs 4.9Mb
Flavors: r-oldrel-macos-arm64, r-oldrel-macos-x86_64