Last updated on 2025-07-20 08:49:49 CEST.
Flavor | Version | Tinstall | Tcheck | Ttotal | Status | Flags |
---|---|---|---|---|---|---|
r-devel-linux-x86_64-debian-clang | 0.0.2 | 2.36 | 90.33 | 92.69 | OK | |
r-devel-linux-x86_64-debian-gcc | 0.0.2 | 1.65 | 62.09 | 63.74 | OK | |
r-devel-linux-x86_64-fedora-clang | 0.0.2 | 154.63 | OK | |||
r-devel-linux-x86_64-fedora-gcc | 0.0.2 | 164.40 | OK | |||
r-devel-windows-x86_64 | 0.0.2 | 3.00 | 111.00 | 114.00 | OK | |
r-patched-linux-x86_64 | 0.0.2 | 2.25 | 85.70 | 87.95 | OK | |
r-release-linux-x86_64 | 0.0.2 | 2.14 | 84.50 | 86.64 | OK | |
r-release-macos-arm64 | 0.0.2 | 95.00 | OK | |||
r-release-macos-x86_64 | 0.0.2 | 114.00 | OK | |||
r-release-windows-x86_64 | 0.0.2 | 4.00 | 110.00 | 114.00 | OK | |
r-oldrel-macos-arm64 | 0.0.2 | 53.00 | NOTE | |||
r-oldrel-macos-x86_64 | 0.0.2 | 87.00 | NOTE | |||
r-oldrel-windows-x86_64 | 0.0.2 | 3.00 | 134.00 | 137.00 | NOTE |
Version: 0.0.2
Check: LazyData
Result: NOTE
'LazyData' is specified without a 'data' directory
Flavors: r-oldrel-macos-arm64, r-oldrel-macos-x86_64, r-oldrel-windows-x86_64