Last updated on 2025-07-20 08:49:49 CEST.
Flavor | Version | Tinstall | Tcheck | Ttotal | Status | Flags |
---|---|---|---|---|---|---|
r-devel-linux-x86_64-debian-clang | 0.0.2 | 21.46 | 144.17 | 165.63 | NOTE | |
r-devel-linux-x86_64-debian-gcc | 0.0.2 | 16.84 | 106.42 | 123.26 | NOTE | |
r-devel-linux-x86_64-fedora-clang | 0.0.2 | 243.13 | NOTE | |||
r-devel-linux-x86_64-fedora-gcc | 0.0.2 | 245.46 | NOTE | |||
r-devel-windows-x86_64 | 0.0.2 | 16.00 | 132.00 | 148.00 | NOTE | |
r-patched-linux-x86_64 | 0.0.2 | 21.78 | 136.71 | 158.49 | NOTE | |
r-release-linux-x86_64 | 0.0.2 | 22.04 | 136.13 | 158.17 | NOTE | |
r-release-macos-arm64 | 0.0.2 | 63.00 | NOTE | |||
r-release-macos-x86_64 | 0.0.2 | 214.00 | OK | |||
r-release-windows-x86_64 | 0.0.2 | 16.00 | 128.00 | 144.00 | NOTE | |
r-oldrel-macos-arm64 | 0.0.2 | 65.00 | OK | |||
r-oldrel-macos-x86_64 | 0.0.2 | 110.00 | OK | |||
r-oldrel-windows-x86_64 | 0.0.2 | 21.00 | 164.00 | 185.00 | OK |
Version: 0.0.2
Check: DESCRIPTION meta-information
Result: NOTE
Missing dependency on R >= 4.1.0 because package code uses the pipe
|> or function shorthand \(...) syntax added in R 4.1.0.
File(s) using such syntax:
‘lp.Rd’
Flavors: r-devel-linux-x86_64-debian-clang, r-devel-linux-x86_64-debian-gcc, r-devel-linux-x86_64-fedora-clang, r-devel-linux-x86_64-fedora-gcc, r-devel-windows-x86_64, r-patched-linux-x86_64, r-release-linux-x86_64, r-release-macos-arm64, r-release-windows-x86_64