Last updated on 2025-07-20 08:49:48 CEST.
Flavor | Version | Tinstall | Tcheck | Ttotal | Status | Flags |
---|---|---|---|---|---|---|
r-devel-linux-x86_64-debian-clang | 1.2-3 | 20.51 | 46.63 | 67.14 | NOTE | |
r-devel-linux-x86_64-debian-gcc | 1.2-3 | 12.58 | 36.45 | 49.03 | NOTE | |
r-devel-linux-x86_64-fedora-clang | 1.2-3 | 111.29 | OK | |||
r-devel-linux-x86_64-fedora-gcc | 1.2-3 | 120.28 | OK | |||
r-devel-windows-x86_64 | 1.2-3 | 17.00 | 89.00 | 106.00 | OK | |
r-patched-linux-x86_64 | 1.2-3 | 17.53 | 45.87 | 63.40 | OK | |
r-release-linux-x86_64 | 1.2-3 | 17.70 | 45.28 | 62.98 | OK | |
r-release-macos-arm64 | 1.2-3 | 47.00 | OK | |||
r-release-macos-x86_64 | 1.2-3 | 71.00 | OK | |||
r-release-windows-x86_64 | 1.2-3 | 20.00 | 87.00 | 107.00 | OK | |
r-oldrel-macos-arm64 | 1.2-3 | 40.00 | OK | |||
r-oldrel-macos-x86_64 | 1.2-3 | 55.00 | OK | |||
r-oldrel-windows-x86_64 | 1.2-3 | 17.00 | 101.00 | 118.00 | OK |
Version: 1.2-3
Check: CRAN incoming feasibility
Result: NOTE
Maintainer: ‘Michael C Koohafkan <michael.koohafkan@gmail.com>’
Package CITATION file contains call(s) to old-style personList() or
as.personList(). Please use c() on person objects instead.
Package CITATION file contains call(s) to old-style citEntry(). Please
use bibentry() instead.
Flavors: r-devel-linux-x86_64-debian-clang, r-devel-linux-x86_64-debian-gcc