CRAN Package Check Results for Package reasonabletools

Last updated on 2025-07-20 08:49:47 CEST.

Flavor Version Tinstall Tcheck Ttotal Status Flags
r-devel-linux-x86_64-debian-clang 0.1 1.79 19.62 21.41 OK
r-devel-linux-x86_64-debian-gcc 0.1 1.51 16.35 17.86 OK
r-devel-linux-x86_64-fedora-clang 0.1 32.52 OK
r-devel-linux-x86_64-fedora-gcc 0.1 30.63 OK
r-devel-windows-x86_64 0.1 3.00 41.00 44.00 OK
r-patched-linux-x86_64 0.1 2.06 17.02 19.08 OK
r-release-linux-x86_64 0.1 1.86 17.20 19.06 OK
r-release-macos-arm64 0.1 13.00 OK
r-release-macos-x86_64 0.1 22.00 OK
r-release-windows-x86_64 0.1 2.00 46.00 48.00 OK
r-oldrel-macos-arm64 0.1 13.00 NOTE
r-oldrel-macos-x86_64 0.1 19.00 NOTE
r-oldrel-windows-x86_64 0.1 3.00 40.00 43.00 NOTE

Check Details

Version: 0.1
Check: LazyData
Result: NOTE 'LazyData' is specified without a 'data' directory Flavors: r-oldrel-macos-arm64, r-oldrel-macos-x86_64, r-oldrel-windows-x86_64