Last updated on 2025-07-20 08:49:47 CEST.
Flavor | Version | Tinstall | Tcheck | Ttotal | Status | Flags |
---|---|---|---|---|---|---|
r-devel-linux-x86_64-debian-clang | 1.2.0 | 6.32 | 493.47 | 499.79 | OK | |
r-devel-linux-x86_64-debian-gcc | 1.2.0 | 3.68 | 303.08 | 306.76 | OK | |
r-devel-linux-x86_64-fedora-clang | 1.2.0 | 759.50 | OK | |||
r-devel-linux-x86_64-fedora-gcc | 1.2.0 | 699.19 | OK | |||
r-devel-windows-x86_64 | 1.2.0 | 10.00 | 390.00 | 400.00 | OK | |
r-patched-linux-x86_64 | 1.2.0 | 7.66 | 459.07 | 466.73 | OK | |
r-release-linux-x86_64 | 1.2.0 | 4.89 | 458.50 | 463.39 | OK | |
r-release-macos-arm64 | 1.2.0 | 208.00 | ERROR | |||
r-release-macos-x86_64 | 1.2.0 | 469.00 | OK | |||
r-release-windows-x86_64 | 1.2.0 | 7.00 | 398.00 | 405.00 | OK | |
r-oldrel-macos-arm64 | 1.2.0 | 192.00 | ERROR | |||
r-oldrel-macos-x86_64 | 1.2.0 | 453.00 | OK | |||
r-oldrel-windows-x86_64 | 1.2.0 | 10.00 | 563.00 | 573.00 | OK |
Version: 1.2.0
Check: re-building of vignette outputs
Result: ERROR
Error(s) in re-building vignettes:
--- re-building ‘ragtop_convertibles_in_r.Rmd’ using rmarkdown
Quitting from ragtop_convertibles_in_r.Rmd:424-461 [twitter_cb_via_BondValuation]
~~~~~~~~~~~~~~~~~~~~~~~~~~~~~~~~~~~~~~~~~~~~~~~~~~~~~~~~~~~~~~~~~~~~~~~~~~~~~~~~
<error/rlang_error>
Error in `if (index_LIPD >= 1) ...`:
! argument is of length zero
---
Backtrace:
▆
1. └─BondValuation::AnnivDates(...)
~~~~~~~~~~~~~~~~~~~~~~~~~~~~~~~~~~~~~~~~~~~~~~~~~~~~~~~~~~~~~~~~~~~~~~~~~~~~~~~~
Error: processing vignette 'ragtop_convertibles_in_r.Rmd' failed with diagnostics:
argument is of length zero
--- failed re-building ‘ragtop_convertibles_in_r.Rmd’
SUMMARY: processing the following file failed:
‘ragtop_convertibles_in_r.Rmd’
Error: Vignette re-building failed.
Execution halted
Flavors: r-release-macos-arm64, r-oldrel-macos-arm64