CRAN Package Check Results for Package rSHAPE

Last updated on 2025-07-20 08:49:49 CEST.

Flavor Version Tinstall Tcheck Ttotal Status Flags
r-devel-linux-x86_64-debian-clang 0.3.2 9.66 61.33 70.99 NOTE
r-devel-linux-x86_64-debian-gcc 0.3.2 6.40 45.58 51.98 NOTE
r-devel-linux-x86_64-fedora-clang 0.3.2 115.71 OK
r-devel-linux-x86_64-fedora-gcc 0.3.2 104.92 OK
r-devel-windows-x86_64 0.3.2 11.00 84.00 95.00 OK
r-patched-linux-x86_64 0.3.2 10.13 59.12 69.25 OK
r-release-linux-x86_64 0.3.2 7.51 58.64 66.15 OK
r-release-macos-arm64 0.3.2 37.00 OK
r-release-macos-x86_64 0.3.2 65.00 OK
r-release-windows-x86_64 0.3.2 11.00 88.00 99.00 OK
r-oldrel-macos-arm64 0.3.2 28.00 NOTE
r-oldrel-macos-x86_64 0.3.2 44.00 NOTE
r-oldrel-windows-x86_64 0.3.2 14.00 102.00 116.00 NOTE

Additional issues

donttest

Check Details

Version: 0.3.2
Check: CRAN incoming feasibility
Result: NOTE Maintainer: ‘Jonathan Dench <jdenc017@gmail.com>’ No Authors@R field in DESCRIPTION. Please add one, modifying Authors@R: person(given = "Jonathan", family = "Dench", role = c("aut", "cre"), email = "jdenc017@gmail.com") as necessary. Flavors: r-devel-linux-x86_64-debian-clang, r-devel-linux-x86_64-debian-gcc

Version: 0.3.2
Check: LazyData
Result: NOTE 'LazyData' is specified without a 'data' directory Flavors: r-oldrel-macos-arm64, r-oldrel-macos-x86_64, r-oldrel-windows-x86_64