CRAN Package Check Results for Package rPackedBar

Last updated on 2025-07-20 08:49:48 CEST.

Flavor Version Tinstall Tcheck Ttotal Status Flags
r-devel-linux-x86_64-debian-clang 0.2.2 6.10 52.77 58.87 NOTE
r-devel-linux-x86_64-debian-gcc 0.2.2 4.86 38.88 43.74 NOTE
r-devel-linux-x86_64-fedora-clang 0.2.2 94.48 OK
r-devel-linux-x86_64-fedora-gcc 0.2.2 100.52 OK
r-devel-windows-x86_64 0.2.2 8.00 66.00 74.00 OK
r-patched-linux-x86_64 0.2.2 6.32 49.45 55.77 OK
r-release-linux-x86_64 0.2.2 6.17 49.50 55.67 OK
r-release-macos-arm64 0.2.2 33.00 OK
r-release-macos-x86_64 0.2.2 58.00 OK
r-release-windows-x86_64 0.2.2 8.00 66.00 74.00 OK
r-oldrel-macos-arm64 0.2.2 35.00 NOTE
r-oldrel-macos-x86_64 0.2.2 85.00 NOTE
r-oldrel-windows-x86_64 0.2.2 10.00 80.00 90.00 NOTE

Check Details

Version: 0.2.2
Check: CRAN incoming feasibility
Result: NOTE Maintainer: ‘Adam Spannbauer <spannbaueradam@gmail.com>’ No Authors@R field in DESCRIPTION. Please add one, modifying Authors@R: person(given = "Adam", family = "Spannbauer", role = c("aut", "cre"), email = "spannbaueradam@gmail.com") as necessary. Flavors: r-devel-linux-x86_64-debian-clang, r-devel-linux-x86_64-debian-gcc

Version: 0.2.2
Check: LazyData
Result: NOTE 'LazyData' is specified without a 'data' directory Flavors: r-oldrel-macos-arm64, r-oldrel-macos-x86_64, r-oldrel-windows-x86_64