Last updated on 2025-07-20 08:49:47 CEST.
Flavor | Version | Tinstall | Tcheck | Ttotal | Status | Flags |
---|---|---|---|---|---|---|
r-devel-linux-x86_64-debian-clang | 0.11-0 | 5.95 | 53.68 | 59.63 | NOTE | |
r-devel-linux-x86_64-debian-gcc | 0.11-0 | 4.68 | 41.47 | 46.15 | NOTE | |
r-devel-linux-x86_64-fedora-clang | 0.11-0 | 89.80 | OK | |||
r-devel-linux-x86_64-fedora-gcc | 0.11-0 | 85.35 | OK | |||
r-devel-windows-x86_64 | 0.11-0 | 7.00 | 63.00 | 70.00 | OK | |
r-patched-linux-x86_64 | 0.11-0 | 6.59 | 49.90 | 56.49 | OK | |
r-release-linux-x86_64 | 0.11-0 | 6.19 | 50.02 | 56.21 | OK | |
r-release-macos-arm64 | 0.11-0 | 34.00 | OK | |||
r-release-macos-x86_64 | 0.11-0 | 57.00 | OK | |||
r-release-windows-x86_64 | 0.11-0 | 7.00 | 65.00 | 72.00 | OK | |
r-oldrel-macos-arm64 | 0.11-0 | 31.00 | OK | |||
r-oldrel-macos-x86_64 | 0.11-0 | 43.00 | OK | |||
r-oldrel-windows-x86_64 | 0.11-0 | 9.00 | 78.00 | 87.00 | OK |
Version: 0.11-0
Check: CRAN incoming feasibility
Result: NOTE
Maintainer: ‘Yixuan Qiu <yixuan.qiu@cos.name>’
No Authors@R field in DESCRIPTION.
Please add one, modifying
Authors@R: c(person(given = "Yixuan",
family = "Qiu",
role = c("aut", "cre"),
email = "yixuan.qiu@cos.name"),
person(given = "Jiali",
family = "Mei",
role = "aut"),
person(given = c("authors", "of", "the", "ARPACK", "library.", "See", "file", "AUTHORS", "for"),
family = "details.",
role = "aut"))
as necessary.
Flavors: r-devel-linux-x86_64-debian-clang, r-devel-linux-x86_64-debian-gcc