Last updated on 2025-07-20 08:49:46 CEST.
Flavor | Version | Tinstall | Tcheck | Ttotal | Status | Flags |
---|---|---|---|---|---|---|
r-devel-linux-x86_64-debian-clang | 0.5.2 | 4.38 | 43.61 | 47.99 | NOTE | |
r-devel-linux-x86_64-debian-gcc | 0.5.2 | 2.70 | 33.84 | 36.54 | NOTE | |
r-devel-linux-x86_64-fedora-clang | 0.5.2 | 74.55 | NOTE | |||
r-devel-linux-x86_64-fedora-gcc | 0.5.2 | 86.81 | NOTE | |||
r-devel-windows-x86_64 | 0.5.2 | 5.00 | 70.00 | 75.00 | NOTE | |
r-patched-linux-x86_64 | 0.5.2 | 5.14 | 42.40 | 47.54 | NOTE | |
r-release-linux-x86_64 | 0.5.2 | 4.06 | 41.86 | 45.92 | NOTE | |
r-release-macos-arm64 | 0.5.2 | 42.00 | NOTE | |||
r-release-macos-x86_64 | 0.5.2 | 62.00 | NOTE | |||
r-release-windows-x86_64 | 0.5.2 | 6.00 | 71.00 | 77.00 | NOTE | |
r-oldrel-macos-arm64 | 0.5.2 | 42.00 | NOTE | |||
r-oldrel-macos-x86_64 | 0.5.2 | 48.00 | NOTE | |||
r-oldrel-windows-x86_64 | 0.5.2 | 6.00 | 85.00 | 91.00 | NOTE |
Version: 0.5.2
Check: Rd files
Result: NOTE
checkRd: (-1) prolific_prescreener.Rd:254: Lost braces in \itemize; meant \describe ?
checkRd: (-1) prolific_prescreener.Rd:255: Lost braces in \itemize; meant \describe ?
checkRd: (-1) prolific_study.Rd:95: Lost braces in \itemize; meant \describe ?
checkRd: (-1) prolific_study.Rd:96: Lost braces in \itemize; meant \describe ?
checkRd: (-1) prolific_study.Rd:97: Lost braces in \itemize; meant \describe ?
checkRd: (-1) prolific_study.Rd:109: Lost braces in \itemize; meant \describe ?
checkRd: (-1) prolific_study.Rd:110: Lost braces in \itemize; meant \describe ?
checkRd: (-1) prolific_study.Rd:149: Lost braces in \itemize; meant \describe ?
checkRd: (-1) prolific_study.Rd:150: Lost braces in \itemize; meant \describe ?
checkRd: (-1) prolific_study.Rd:151: Lost braces in \itemize; meant \describe ?
checkRd: (-1) prolific_study.Rd:243: Lost braces in \itemize; meant \describe ?
checkRd: (-1) prolific_study.Rd:244: Lost braces in \itemize; meant \describe ?
Flavors: r-devel-linux-x86_64-debian-clang, r-devel-linux-x86_64-debian-gcc, r-devel-linux-x86_64-fedora-clang, r-devel-linux-x86_64-fedora-gcc, r-devel-windows-x86_64, r-patched-linux-x86_64, r-release-linux-x86_64, r-release-macos-arm64, r-release-macos-x86_64, r-release-windows-x86_64, r-oldrel-macos-arm64, r-oldrel-macos-x86_64, r-oldrel-windows-x86_64