Last updated on 2025-07-20 08:49:46 CEST.
Flavor | Version | Tinstall | Tcheck | Ttotal | Status | Flags |
---|---|---|---|---|---|---|
r-devel-linux-x86_64-debian-clang | 1.3-2 | 10.85 | 131.74 | 142.59 | OK | |
r-devel-linux-x86_64-debian-gcc | 1.3-2 | 7.44 | 98.10 | 105.54 | OK | |
r-devel-linux-x86_64-fedora-clang | 1.3-2 | 199.00 | OK | |||
r-devel-linux-x86_64-fedora-gcc | 1.3-2 | 204.11 | OK | |||
r-devel-windows-x86_64 | 1.3-2 | 13.00 | 121.00 | 134.00 | OK | |
r-patched-linux-x86_64 | 1.3-2 | 11.14 | 126.40 | 137.54 | OK | |
r-release-linux-x86_64 | 1.3-2 | 11.06 | 125.85 | 136.91 | OK | |
r-release-macos-arm64 | 1.3-2 | 61.00 | OK | |||
r-release-macos-x86_64 | 1.3-2 | 143.00 | OK | |||
r-release-windows-x86_64 | 1.3-2 | 13.00 | 119.00 | 132.00 | OK | |
r-oldrel-macos-arm64 | 1.3-2 | 60.00 | NOTE | |||
r-oldrel-macos-x86_64 | 1.3-2 | 173.00 | NOTE | |||
r-oldrel-windows-x86_64 | 1.3-2 | 16.00 | 215.00 | 231.00 | NOTE |
Version: 1.3-2
Check: installed package size
Result: NOTE
installed size is 5.6Mb
sub-directories of 1Mb or more:
doc 5.1Mb
Flavors: r-oldrel-macos-arm64, r-oldrel-macos-x86_64, r-oldrel-windows-x86_64