Last updated on 2025-07-21 08:50:12 CEST.
Flavor | Version | Tinstall | Tcheck | Ttotal | Status | Flags |
---|---|---|---|---|---|---|
r-devel-linux-x86_64-debian-clang | 0.2 | 6.14 | 54.77 | 60.91 | NOTE | |
r-devel-linux-x86_64-debian-gcc | 0.2 | 4.65 | 41.78 | 46.43 | NOTE | |
r-devel-linux-x86_64-fedora-clang | 0.2 | 90.44 | OK | |||
r-devel-linux-x86_64-fedora-gcc | 0.2 | 88.68 | OK | |||
r-devel-windows-x86_64 | 0.2 | 7.00 | 64.00 | 71.00 | OK | |
r-patched-linux-x86_64 | 0.2 | 6.81 | 52.05 | 58.86 | OK | |
r-release-linux-x86_64 | 0.2 | 5.57 | 53.09 | 58.66 | OK | |
r-release-macos-arm64 | 0.2 | 31.00 | OK | |||
r-release-macos-x86_64 | 0.2 | 57.00 | OK | |||
r-release-windows-x86_64 | 0.2 | 8.00 | 66.00 | 74.00 | OK | |
r-oldrel-macos-arm64 | 0.2 | 30.00 | OK | |||
r-oldrel-macos-x86_64 | 0.2 | 43.00 | OK | |||
r-oldrel-windows-x86_64 | 0.2 | 9.00 | 84.00 | 93.00 | OK |
Version: 0.2
Check: CRAN incoming feasibility
Result: NOTE
Maintainer: ‘Jesse Hemerik <jesse.hemerik@wur.nl>’
No Authors@R field in DESCRIPTION.
Please add one, modifying
Authors@R: c(person(given = "Jesse",
family = "Hemerik",
role = c("aut", "cre"),
email = "jesse.hemerik@wur.nl"),
person(given = "Livio",
family = "Finos",
role = "aut"))
as necessary.
Flavors: r-devel-linux-x86_64-debian-clang, r-devel-linux-x86_64-debian-gcc