CRAN Package Check Results for Package perccalc

Last updated on 2025-07-20 08:49:45 CEST.

Flavor Version Tinstall Tcheck Ttotal Status Flags
r-devel-linux-x86_64-debian-clang 1.0.5 2.42 55.07 57.49 NOTE
r-devel-linux-x86_64-debian-gcc 1.0.5 1.63 41.93 43.56 NOTE
r-devel-linux-x86_64-fedora-clang 1.0.5 86.03 OK
r-devel-linux-x86_64-fedora-gcc 1.0.5 97.41 OK
r-devel-windows-x86_64 1.0.5 4.00 72.00 76.00 OK
r-patched-linux-x86_64 1.0.5 2.38 51.98 54.36 OK
r-release-linux-x86_64 1.0.5 2.39 52.00 54.39 OK
r-release-macos-arm64 1.0.5 41.00 OK
r-release-macos-x86_64 1.0.5 73.00 OK
r-release-windows-x86_64 1.0.5 4.00 72.00 76.00 OK
r-oldrel-macos-arm64 1.0.5 37.00 OK
r-oldrel-macos-x86_64 1.0.5 56.00 OK
r-oldrel-windows-x86_64 1.0.5 5.00 104.00 109.00 OK

Check Details

Version: 1.0.5
Check: CRAN incoming feasibility
Result: NOTE Maintainer: ‘Jorge Cimentada <cimentadaj@gmail.com>’ Package CITATION file contains call(s) to old-style citEntry(). Please use bibentry() instead. Flavors: r-devel-linux-x86_64-debian-clang, r-devel-linux-x86_64-debian-gcc