CRAN Package Check Results for Package pan

Last updated on 2025-07-20 08:49:45 CEST.

Flavor Version Tinstall Tcheck Ttotal Status Flags
r-devel-linux-x86_64-debian-clang 1.9 7.41 31.18 38.59 NOTE
r-devel-linux-x86_64-debian-gcc 1.9 4.40 25.09 29.49 NOTE
r-devel-linux-x86_64-fedora-clang 1.9 63.35 OK
r-devel-linux-x86_64-fedora-gcc 1.9 70.87 OK
r-devel-windows-x86_64 1.9 10.00 68.00 78.00 OK
r-patched-linux-x86_64 1.9 6.10 29.46 35.56 OK
r-release-linux-x86_64 1.9 4.85 29.96 34.81 OK
r-release-macos-arm64 1.9 32.00 OK
r-release-macos-x86_64 1.9 90.00 OK
r-release-windows-x86_64 1.9 9.00 67.00 76.00 OK
r-oldrel-macos-arm64 1.9 35.00 OK
r-oldrel-macos-x86_64 1.9 44.00 OK
r-oldrel-windows-x86_64 1.9 9.00 73.00 82.00 OK

Check Details

Version: 1.9
Check: CRAN incoming feasibility
Result: NOTE Maintainer: ‘Jing hua Zhao <jinghuazhao@hotmail.com>’ No Authors@R field in DESCRIPTION. Please add one, modifying Authors@R: c(person(given = c("Original", "by", "Joseph", "L."), family = "Schafer", role = "aut"), person(given = c("Jing", "hua"), family = "Zhao", role = "cre", email = "jinghuazhao@hotmail.com")) as necessary. Flavors: r-devel-linux-x86_64-debian-clang, r-devel-linux-x86_64-debian-gcc