Last updated on 2025-07-20 08:49:44 CEST.
Flavor | Version | Tinstall | Tcheck | Ttotal | Status | Flags |
---|---|---|---|---|---|---|
r-devel-linux-x86_64-debian-clang | 1.4.0 | 44.06 | 155.84 | 199.90 | WARN | |
r-devel-linux-x86_64-debian-gcc | 1.4.0 | 26.76 | 107.42 | 134.18 | WARN | |
r-devel-linux-x86_64-fedora-clang | 1.4.0 | 313.82 | WARN | |||
r-devel-linux-x86_64-fedora-gcc | 1.4.0 | 338.92 | WARN | |||
r-devel-windows-x86_64 | 1.4.0 | 43.00 | 158.00 | 201.00 | WARN | |
r-patched-linux-x86_64 | 1.4.0 | 46.21 | 142.59 | 188.80 | WARN | |
r-release-linux-x86_64 | 1.4.0 | 39.71 | 142.93 | 182.64 | WARN | |
r-release-macos-arm64 | 1.4.0 | 91.00 | OK | |||
r-release-macos-x86_64 | 1.4.0 | 216.00 | OK | |||
r-release-windows-x86_64 | 1.4.0 | 44.00 | 157.00 | 201.00 | WARN | |
r-oldrel-macos-arm64 | 1.4.0 | 95.00 | OK | |||
r-oldrel-macos-x86_64 | 107.00 | OK | ||||
r-oldrel-windows-x86_64 | 1.4.0 | 58.00 | 200.00 | 258.00 | WARN |
Version: 1.4.0
Check: whether package can be installed
Result: WARN
Found the following significant warnings:
Note: possible error in 'oauth_flow_auth_code(client = private$oauth_client, ': unused argument (port = 1410)
See ‘/home/hornik/tmp/R.check/r-devel-clang/Work/PKGS/openeo.Rcheck/00install.out’ for details.
Information on the location(s) of code generating the ‘Note’s can be
obtained by re-running with environment variable R_KEEP_PKG_SOURCE set
to ‘yes’.
Flavor: r-devel-linux-x86_64-debian-clang
Version: 1.4.0
Check: whether package can be installed
Result: WARN
Found the following significant warnings:
Note: possible error in 'oauth_flow_auth_code(client = private$oauth_client, ': unused argument (port = 1410)
See ‘/home/hornik/tmp/R.check/r-devel-gcc/Work/PKGS/openeo.Rcheck/00install.out’ for details.
Information on the location(s) of code generating the ‘Note’s can be
obtained by re-running with environment variable R_KEEP_PKG_SOURCE set
to ‘yes’.
Flavor: r-devel-linux-x86_64-debian-gcc
Version: 1.4.0
Check: whether package can be installed
Result: WARN
Found the following significant warnings:
Note: possible error in 'oauth_flow_auth_code(client = private$oauth_client, ': unused argument (port = 1410)
See ‘/data/gannet/ripley/R/packages/tests-clang/openeo.Rcheck/00install.out’ for details.
Information on the location(s) of code generating the ‘Note’s can be
obtained by re-running with environment variable R_KEEP_PKG_SOURCE set
to ‘yes’.
Flavor: r-devel-linux-x86_64-fedora-clang
Version: 1.4.0
Check: whether package can be installed
Result: WARN
Found the following significant warnings:
Note: possible error in 'oauth_flow_auth_code(client = private$oauth_client, ': unused argument (port = 1410)
See ‘/data/gannet/ripley/R/packages/tests-devel/openeo.Rcheck/00install.out’ for details.
Information on the location(s) of code generating the ‘Note’s can be
obtained by re-running with environment variable R_KEEP_PKG_SOURCE set
to ‘yes’.
Flavor: r-devel-linux-x86_64-fedora-gcc
Version: 1.4.0
Check: whether package can be installed
Result: WARN
Found the following significant warnings:
Note: possible error in 'oauth_flow_auth_code(client = private$oauth_client, ': unused argument (port = 1410)
See 'd:/Rcompile/CRANpkg/local/4.6/openeo.Rcheck/00install.out' for details.
Information on the location(s) of code generating the 'Note's can be
obtained by re-running with environment variable R_KEEP_PKG_SOURCE set
to 'yes'.
Flavor: r-devel-windows-x86_64
Version: 1.4.0
Check: whether package can be installed
Result: WARN
Found the following significant warnings:
Note: possible error in 'oauth_flow_auth_code(client = private$oauth_client, ': unused argument (port = 1410)
See ‘/home/hornik/tmp/R.check/r-patched-gcc/Work/PKGS/openeo.Rcheck/00install.out’ for details.
Information on the location(s) of code generating the ‘Note’s can be
obtained by re-running with environment variable R_KEEP_PKG_SOURCE set
to ‘yes’.
Flavor: r-patched-linux-x86_64
Version: 1.4.0
Check: whether package can be installed
Result: WARN
Found the following significant warnings:
Note: possible error in 'oauth_flow_auth_code(client = private$oauth_client, ': unused argument (port = 1410)
See ‘/home/hornik/tmp/R.check/r-release-gcc/Work/PKGS/openeo.Rcheck/00install.out’ for details.
Information on the location(s) of code generating the ‘Note’s can be
obtained by re-running with environment variable R_KEEP_PKG_SOURCE set
to ‘yes’.
Flavor: r-release-linux-x86_64
Version: 1.4.0
Check: whether package can be installed
Result: WARN
Found the following significant warnings:
Note: possible error in 'oauth_flow_auth_code(client = private$oauth_client, ': unused argument (port = 1410)
See 'd:/Rcompile/CRANpkg/local/4.5/openeo.Rcheck/00install.out' for details.
Information on the location(s) of code generating the 'Note's can be
obtained by re-running with environment variable R_KEEP_PKG_SOURCE set
to 'yes'.
Flavor: r-release-windows-x86_64
Version: 1.4.0
Check: whether package can be installed
Result: WARN
Found the following significant warnings:
Note: possible error in 'oauth_flow_auth_code(client = private$oauth_client, ': unused argument (port = 1410)
See 'd:/Rcompile/CRANpkg/local/4.4/openeo.Rcheck/00install.out' for details.
Information on the location(s) of code generating the 'Note's can be
obtained by re-running with environment variable R_KEEP_PKG_SOURCE set
to 'yes'.
Flavor: r-oldrel-windows-x86_64