Last updated on 2025-07-20 08:49:44 CEST.
Flavor | Version | Tinstall | Tcheck | Ttotal | Status | Flags |
---|---|---|---|---|---|---|
r-devel-linux-x86_64-debian-clang | 0.2.0 | 16.58 | 29.18 | 45.76 | OK | |
r-devel-linux-x86_64-debian-gcc | 0.2.0 | 12.11 | 21.78 | 33.89 | OK | |
r-devel-linux-x86_64-fedora-clang | 0.2.0 | 69.37 | OK | |||
r-devel-linux-x86_64-fedora-gcc | 0.2.0 | 67.23 | OK | |||
r-devel-windows-x86_64 | 0.2.0 | 17.00 | 45.00 | 62.00 | OK | |
r-patched-linux-x86_64 | 0.2.0 | 17.49 | 26.43 | 43.92 | OK | |
r-release-linux-x86_64 | 0.2.0 | 15.94 | 26.60 | 42.54 | OK | |
r-release-macos-arm64 | 0.2.0 | 33.00 | OK | |||
r-release-macos-x86_64 | 0.2.0 | 61.00 | OK | |||
r-release-windows-x86_64 | 0.2.0 | 15.00 | 45.00 | 60.00 | OK | |
r-oldrel-macos-arm64 | 0.2.0 | 40.00 | NOTE | |||
r-oldrel-macos-x86_64 | 0.2.0 | 62.00 | NOTE | |||
r-oldrel-windows-x86_64 | 0.2.0 | 16.00 | 57.00 | 73.00 | NOTE |
Version: 0.2.0
Check: installed package size
Result: NOTE
installed size is 6.5Mb
sub-directories of 1Mb or more:
data 6.4Mb
Flavors: r-oldrel-macos-arm64, r-oldrel-macos-x86_64, r-oldrel-windows-x86_64