Last updated on 2025-07-20 08:49:44 CEST.
Flavor | Version | Tinstall | Tcheck | Ttotal | Status | Flags |
---|---|---|---|---|---|---|
r-devel-linux-x86_64-debian-clang | 2016.3.2 | 2.83 | 36.59 | 39.42 | OK | |
r-devel-linux-x86_64-debian-gcc | 2016.3.2 | 2.06 | 28.35 | 30.41 | OK | |
r-devel-linux-x86_64-fedora-clang | 2016.3.2 | 67.65 | OK | |||
r-devel-linux-x86_64-fedora-gcc | 2016.3.2 | 75.08 | OK | |||
r-devel-windows-x86_64 | 2016.3.2 | 3.00 | 76.00 | 79.00 | OK | |
r-patched-linux-x86_64 | 2016.3.2 | 2.96 | 34.21 | 37.17 | OK | |
r-release-linux-x86_64 | 2016.3.2 | 2.67 | 34.32 | 36.99 | OK | |
r-release-macos-arm64 | 2016.3.2 | 39.00 | OK | |||
r-release-macos-x86_64 | 2016.3.2 | 65.00 | OK | |||
r-release-windows-x86_64 | 2016.3.2 | 4.00 | 71.00 | 75.00 | OK | |
r-oldrel-macos-arm64 | 2016.3.2 | 28.00 | NOTE | |||
r-oldrel-macos-x86_64 | 2016.3.2 | 45.00 | NOTE | |||
r-oldrel-windows-x86_64 | 2016.3.2 | 4.00 | 77.00 | 81.00 | OK |
Version: 2016.3.2
Check: package dependencies
Result: NOTE
Packages suggested but not available for checking: 'Rvmmin', 'Rcgmin'
Flavors: r-oldrel-macos-arm64, r-oldrel-macos-x86_64