Last updated on 2025-07-20 08:49:44 CEST.
Flavor | Version | Tinstall | Tcheck | Ttotal | Status | Flags |
---|---|---|---|---|---|---|
r-devel-linux-x86_64-debian-clang | 1.1.0 | 25.71 | 84.88 | 110.59 | NOTE | |
r-devel-linux-x86_64-debian-gcc | 1.1.0 | 19.17 | 61.98 | 81.15 | NOTE | |
r-devel-linux-x86_64-fedora-clang | 1.1.0 | 185.86 | OK | |||
r-devel-linux-x86_64-fedora-gcc | 1.1.0 | 166.10 | OK | |||
r-devel-windows-x86_64 | 1.1.0 | 29.00 | 111.00 | 140.00 | NOTE | |
r-patched-linux-x86_64 | 1.1.0 | 26.05 | 79.26 | 105.31 | NOTE | |
r-release-linux-x86_64 | 1.1.0 | 24.72 | 78.75 | 103.47 | NOTE | |
r-release-macos-arm64 | 1.1.0 | 55.00 | OK | |||
r-release-macos-x86_64 | 1.1.0 | 96.00 | OK | |||
r-release-windows-x86_64 | 1.1.0 | 29.00 | 115.00 | 144.00 | NOTE | |
r-oldrel-macos-arm64 | 1.1.0 | 48.00 | OK | |||
r-oldrel-macos-x86_64 | 1.1.0 | 71.00 | OK | |||
r-oldrel-windows-x86_64 | 1.1.0 | 37.00 | 140.00 | 177.00 | OK |
Version: 1.1.0
Check: Rd cross-references
Result: NOTE
Found the following Rd file(s) with Rd \link{} targets missing package
anchors:
generate.data.Rd: rmvnorm, rmvt
nlmm.Rd: varFunc, varFixed, varClasses, summary.varFunc,
varWeights.varFunc, coef.varFunc
nlmmControl.Rd: lme, lmeControl
Please provide package anchors for all Rd \link{} targets not in the
package itself and the base packages.
Flavors: r-devel-linux-x86_64-debian-clang, r-devel-linux-x86_64-debian-gcc, r-devel-windows-x86_64, r-patched-linux-x86_64, r-release-linux-x86_64, r-release-windows-x86_64