Last updated on 2025-07-20 08:49:44 CEST.
Flavor | Version | Tinstall | Tcheck | Ttotal | Status | Flags |
---|---|---|---|---|---|---|
r-devel-linux-x86_64-debian-clang | 0.2.0 | 53.83 | 75.09 | 128.92 | NOTE | |
r-devel-linux-x86_64-debian-gcc | 0.2.0 | 37.66 | 52.02 | 89.68 | NOTE | |
r-devel-linux-x86_64-fedora-clang | 0.2.0 | 253.70 | NOTE | |||
r-devel-linux-x86_64-fedora-gcc | 0.2.0 | 226.88 | NOTE | |||
r-devel-windows-x86_64 | 0.2.0 | 68.00 | 107.00 | 175.00 | NOTE | |
r-patched-linux-x86_64 | 0.2.0 | 53.56 | 68.76 | 122.32 | NOTE | |
r-release-linux-x86_64 | 0.2.0 | 49.42 | 68.84 | 118.26 | NOTE | |
r-release-macos-arm64 | 0.2.0 | 68.00 | NOTE | |||
r-release-macos-x86_64 | 0.2.0 | 97.00 | NOTE | |||
r-release-windows-x86_64 | 0.2.0 | 64.00 | 104.00 | 168.00 | NOTE | |
r-oldrel-macos-arm64 | 0.2.0 | 64.00 | OK | |||
r-oldrel-macos-x86_64 | 0.2.0 | 131.00 | OK | |||
r-oldrel-windows-x86_64 | 0.2.0 | 79.00 | 130.00 | 209.00 | OK |
Version: 0.2.0
Check: DESCRIPTION meta-information
Result: NOTE
Missing dependency on R >= 4.1.0 because package code uses the pipe
|> or function shorthand \(...) syntax added in R 4.1.0.
File(s) using such syntax:
‘visualizations.R’
Flavors: r-devel-linux-x86_64-debian-clang, r-devel-linux-x86_64-debian-gcc, r-devel-linux-x86_64-fedora-clang, r-devel-linux-x86_64-fedora-gcc, r-devel-windows-x86_64, r-patched-linux-x86_64, r-release-linux-x86_64, r-release-macos-arm64, r-release-macos-x86_64, r-release-windows-x86_64