Last updated on 2025-07-19 19:49:52 CEST.
Flavor | Version | Tinstall | Tcheck | Ttotal | Status | Flags |
---|---|---|---|---|---|---|
r-devel-linux-x86_64-debian-clang | 0.5.0 | 29.28 | 372.83 | 402.11 | NOTE | |
r-devel-linux-x86_64-debian-gcc | 0.6.0 | 17.28 | 237.19 | 254.47 | OK | |
r-devel-linux-x86_64-fedora-clang | 0.6.0 | 635.12 | OK | |||
r-devel-linux-x86_64-fedora-gcc | 0.5.0 | 643.18 | OK | |||
r-devel-windows-x86_64 | 0.5.0 | 25.00 | 268.00 | 293.00 | NOTE | |
r-patched-linux-x86_64 | 0.5.0 | 28.69 | 342.24 | 370.93 | NOTE | |
r-release-linux-x86_64 | 0.5.0 | 27.41 | 342.74 | 370.15 | NOTE | |
r-release-macos-arm64 | 0.5.0 | 149.00 | OK | |||
r-release-macos-x86_64 | 0.6.0 | 310.00 | OK | |||
r-release-windows-x86_64 | 0.6.0 | 24.00 | 275.00 | 299.00 | OK | |
r-oldrel-macos-arm64 | 0.5.0 | 119.00 | OK | |||
r-oldrel-macos-x86_64 | 0.6.0 | 314.00 | OK | |||
r-oldrel-windows-x86_64 | 0.5.0 | 37.00 | 376.00 | 413.00 | OK |
Version: 0.5.0
Check: Rd cross-references
Result: NOTE
Found the following Rd file(s) with Rd \link{} targets missing package
anchors:
TaskClassifST.Rd: TaskClassif, DataBackend, DataBackendDataTable,
convert_task
TaskRegrST.Rd: TaskRegr, DataBackend, DataBackendDataTable,
convert_task
as_data_backend.Rd: DataBackend
as_task_classif_st.Rd: DataBackend, TaskRegr, convert_task
as_task_regr_st.Rd: DataBackend, TaskClassif, convert_task
predict_spatial.Rd: Learner
Please provide package anchors for all Rd \link{} targets not in the
package itself and the base packages.
Flavors: r-devel-linux-x86_64-debian-clang, r-devel-windows-x86_64, r-patched-linux-x86_64, r-release-linux-x86_64