CRAN Package Check Results for Package minic

Last updated on 2025-09-30 20:50:44 CEST.

Flavor Version Tinstall Tcheck Ttotal Status Flags
r-devel-linux-x86_64-debian-clang 1.0.2 40.49 27.21 67.70 OK
r-devel-linux-x86_64-debian-gcc 1.0.2 31.79 25.23 57.02 OK
r-devel-linux-x86_64-fedora-clang 1.0.2 109.00 OK
r-devel-linux-x86_64-fedora-gcc 1.0.2 123.08 OK
r-devel-windows-x86_64 1.0.2 42.00 72.00 114.00 OK
r-patched-linux-x86_64 1.0.2 44.90 30.37 75.27 OK
r-release-linux-x86_64 1.0.2 43.12 30.93 74.05 OK
r-release-macos-arm64 1.0.2 40.00 OK
r-release-macos-x86_64 1.0.2 70.00 OK
r-release-windows-x86_64 1.0.2 43.00 84.00 127.00 OK
r-oldrel-macos-arm64 1.0.2 41.00 NOTE
r-oldrel-macos-x86_64 1.0.2 69.00 NOTE
r-oldrel-windows-x86_64 1.0.2 51.00 76.00 127.00 OK

Check Details

Version: 1.0.2
Check: installed package size
Result: NOTE installed size is 22.5Mb sub-directories of 1Mb or more: libs 22.4Mb Flavors: r-oldrel-macos-arm64, r-oldrel-macos-x86_64