Last updated on 2025-07-20 08:49:42 CEST.
Flavor | Version | Tinstall | Tcheck | Ttotal | Status | Flags |
---|---|---|---|---|---|---|
r-devel-linux-x86_64-debian-clang | 2.0.3 | 79.55 | 50.55 | 130.10 | OK | |
r-devel-linux-x86_64-debian-gcc | 2.0.3 | 54.24 | 35.94 | 90.18 | OK | |
r-devel-linux-x86_64-fedora-clang | 2.0.3 | 245.29 | OK | |||
r-devel-linux-x86_64-fedora-gcc | 2.0.3 | 222.82 | OK | |||
r-devel-windows-x86_64 | 2.0.3 | 92.00 | 94.00 | 186.00 | OK | |
r-patched-linux-x86_64 | 2.0.3 | 76.10 | 47.03 | 123.13 | OK | |
r-release-linux-x86_64 | 2.0.3 | 78.96 | 48.27 | 127.23 | OK | |
r-release-macos-arm64 | 2.0.3 | 52.00 | OK | |||
r-release-macos-x86_64 | 2.0.3 | 78.00 | OK | |||
r-release-windows-x86_64 | 2.0.3 | 90.00 | 93.00 | 183.00 | OK | |
r-oldrel-macos-arm64 | 2.0.3 | 51.00 | NOTE | |||
r-oldrel-macos-x86_64 | 2.0.3 | 77.00 | NOTE | |||
r-oldrel-windows-x86_64 | 2.0.3 | 107.00 | 109.00 | 216.00 | OK |
Version: 2.0.3
Check: installed package size
Result: NOTE
installed size is 6.5Mb
sub-directories of 1Mb or more:
libs 6.0Mb
Flavors: r-oldrel-macos-arm64, r-oldrel-macos-x86_64