CRAN Package Check Results for Package micromodal

Last updated on 2025-07-20 08:49:42 CEST.

Flavor Version Tinstall Tcheck Ttotal Status Flags
r-devel-linux-x86_64-debian-clang 1.0.0 1.73 21.91 23.64 NOTE
r-devel-linux-x86_64-debian-gcc 1.0.0 1.10 18.59 19.69 NOTE
r-devel-linux-x86_64-fedora-clang 1.0.0 35.63 NOTE
r-devel-linux-x86_64-fedora-gcc 1.0.0 48.59 NOTE
r-devel-windows-x86_64 1.0.0 3.00 42.00 45.00 NOTE
r-patched-linux-x86_64 1.0.0 1.67 19.98 21.65 NOTE
r-release-linux-x86_64 1.0.0 1.60 20.31 21.91 NOTE
r-release-macos-arm64 1.0.0 27.00 NOTE
r-release-macos-x86_64 1.0.0 56.00 NOTE
r-release-windows-x86_64 1.0.0 3.00 43.00 46.00 NOTE
r-oldrel-macos-arm64 1.0.0 22.00 OK
r-oldrel-macos-x86_64 1.0.0 36.00 OK
r-oldrel-windows-x86_64 1.0.0 3.00 46.00 49.00 OK

Check Details

Version: 1.0.0
Check: DESCRIPTION meta-information
Result: NOTE Missing dependency on R >= 4.1.0 because package code uses the pipe |> or function shorthand \(...) syntax added in R 4.1.0. File(s) using such syntax: ‘get_dependencies.R’ ‘micromodal.R’ ‘micromodal.Rd’ ‘use_micromodal.R’ Flavors: r-devel-linux-x86_64-debian-clang, r-devel-linux-x86_64-debian-gcc, r-devel-linux-x86_64-fedora-clang, r-devel-linux-x86_64-fedora-gcc, r-devel-windows-x86_64, r-patched-linux-x86_64, r-release-linux-x86_64, r-release-macos-arm64, r-release-macos-x86_64, r-release-windows-x86_64