Last updated on 2025-07-20 08:49:42 CEST.
Flavor | Version | Tinstall | Tcheck | Ttotal | Status | Flags |
---|---|---|---|---|---|---|
r-devel-linux-x86_64-debian-clang | 1.5.4.1 | 6.53 | 65.85 | 72.38 | NOTE | |
r-devel-linux-x86_64-debian-gcc | 1.5.4.1 | 5.66 | 50.98 | 56.64 | NOTE | |
r-devel-linux-x86_64-fedora-clang | 1.5.4.1 | 113.14 | NOTE | |||
r-devel-linux-x86_64-fedora-gcc | 1.5.4.1 | 122.31 | NOTE | |||
r-devel-windows-x86_64 | 1.5.4.1 | 8.00 | 75.00 | 83.00 | NOTE | |
r-patched-linux-x86_64 | 1.5.4.1 | 7.81 | 63.05 | 70.86 | NOTE | |
r-release-linux-x86_64 | 1.5.4.1 | 5.65 | 63.80 | 69.45 | NOTE | |
r-release-macos-arm64 | 1.5.4.1 | 49.00 | NOTE | |||
r-release-macos-x86_64 | 1.5.4.1 | 79.00 | NOTE | |||
r-release-windows-x86_64 | 1.5.4.1 | 8.00 | 76.00 | 84.00 | NOTE | |
r-oldrel-macos-arm64 | 1.5.4.1 | 43.00 | OK | |||
r-oldrel-macos-x86_64 | 1.5.4.1 | 60.00 | OK | |||
r-oldrel-windows-x86_64 | 1.5.4.1 | 10.00 | 91.00 | 101.00 | OK |
Version: 1.5.4.1
Check: DESCRIPTION meta-information
Result: NOTE
Missing dependency on R >= 4.1.0 because package code uses the pipe
|> or function shorthand \(...) syntax added in R 4.1.0.
File(s) using such syntax:
‘predict.mfp.R’
Flavors: r-devel-linux-x86_64-debian-clang, r-devel-linux-x86_64-debian-gcc, r-devel-linux-x86_64-fedora-clang, r-devel-linux-x86_64-fedora-gcc, r-devel-windows-x86_64, r-patched-linux-x86_64, r-release-linux-x86_64, r-release-macos-arm64, r-release-macos-x86_64, r-release-windows-x86_64
Version: 1.5.4.1
Check: Rd cross-references
Result: NOTE
Found the following Rd file(s) with Rd \link{} targets missing package
anchors:
predict.mfp.Rd: predict.coxph
Please provide package anchors for all Rd \link{} targets not in the
package itself and the base packages.
Flavors: r-devel-linux-x86_64-debian-clang, r-devel-linux-x86_64-debian-gcc, r-devel-windows-x86_64, r-patched-linux-x86_64, r-release-linux-x86_64, r-release-windows-x86_64