Last updated on 2025-07-19 19:49:51 CEST.
Flavor | Version | Tinstall | Tcheck | Ttotal | Status | Flags |
---|---|---|---|---|---|---|
r-devel-linux-x86_64-debian-clang | 0.2.0 | 7.93 | 86.95 | 94.88 | OK | |
r-devel-linux-x86_64-debian-gcc | 0.2.0 | 3.91 | 60.12 | 64.03 | OK | |
r-devel-linux-x86_64-fedora-clang | 0.2.0 | 142.62 | OK | |||
r-devel-linux-x86_64-fedora-gcc | 0.2.0 | 159.44 | OK | |||
r-devel-windows-x86_64 | 0.2.0 | 12.00 | 94.00 | 106.00 | OK | |
r-patched-linux-x86_64 | 0.2.0 | 5.67 | 80.49 | 86.16 | OK | |
r-release-linux-x86_64 | 0.1.3 | 6.23 | 94.37 | 100.60 | NOTE | |
r-release-macos-arm64 | 0.2.0 | 50.00 | OK | |||
r-release-macos-x86_64 | 0.2.0 | 90.00 | OK | |||
r-release-windows-x86_64 | 0.2.0 | 8.00 | 93.00 | 101.00 | OK | |
r-oldrel-macos-arm64 | 0.2.0 | 54.00 | OK | |||
r-oldrel-macos-x86_64 | 0.2.0 | 94.00 | OK | |||
r-oldrel-windows-x86_64 | 0.2.0 | 12.00 | 117.00 | 129.00 | OK |
Version: 0.1.3
Check: DESCRIPTION meta-information
Result: NOTE
Missing dependency on R >= 4.1.0 because package code uses the pipe
|> or function shorthand \(...) syntax added in R 4.1.0.
File(s) using such syntax:
‘spec_builder.R’ ‘xml_builders.R’
Flavor: r-release-linux-x86_64