CRAN Package Check Results for Package memofunc

Last updated on 2025-07-20 08:49:42 CEST.

Flavor Version Tinstall Tcheck Ttotal Status Flags
r-devel-linux-x86_64-debian-clang 1.0.2 2.07 25.94 28.01 NOTE
r-devel-linux-x86_64-debian-gcc 1.0.2 1.50 21.37 22.87 NOTE
r-devel-linux-x86_64-fedora-clang 1.0.2 43.26 OK
r-devel-linux-x86_64-fedora-gcc 1.0.2 39.29 OK
r-devel-windows-x86_64 1.0.2 4.00 57.00 61.00 OK
r-patched-linux-x86_64 1.0.2 2.32 23.47 25.79 OK
r-release-linux-x86_64 1.0.2 1.77 23.23 25.00 OK
r-release-macos-arm64 1.0.2 35.00 OK
r-release-macos-x86_64 1.0.2 34.00 OK
r-release-windows-x86_64 1.0.2 3.00 59.00 62.00 OK
r-oldrel-macos-arm64 1.0.2 20.00 NOTE
r-oldrel-macos-x86_64 1.0.2 29.00 NOTE
r-oldrel-windows-x86_64 1.0.2 4.00 60.00 64.00 NOTE

Check Details

Version: 1.0.2
Check: CRAN incoming feasibility
Result: NOTE Maintainer: ‘Roy Wetherall <rwetherall@gmail.com>’ No Authors@R field in DESCRIPTION. Please add one, modifying Authors@R: person(given = "Roy", family = "Wetherall", role = c("aut", "cre"), email = "rwetherall@gmail.com") as necessary. Flavors: r-devel-linux-x86_64-debian-clang, r-devel-linux-x86_64-debian-gcc

Version: 1.0.2
Check: LazyData
Result: NOTE 'LazyData' is specified without a 'data' directory Flavors: r-oldrel-macos-arm64, r-oldrel-macos-x86_64, r-oldrel-windows-x86_64