Last updated on 2025-07-19 19:49:50 CEST.
Flavor | Version | Tinstall | Tcheck | Ttotal | Status | Flags |
---|---|---|---|---|---|---|
r-devel-linux-x86_64-debian-clang | 0.4.0 | 19.11 | 151.48 | 170.59 | NOTE | |
r-devel-linux-x86_64-debian-gcc | 0.4.0 | 10.99 | 105.88 | 116.87 | NOTE | |
r-devel-linux-x86_64-fedora-clang | 0.4.0 | 268.65 | NOTE | |||
r-devel-linux-x86_64-fedora-gcc | 0.4.0 | 268.30 | NOTE | |||
r-devel-windows-x86_64 | 0.4.0 | 23.00 | 160.00 | 183.00 | NOTE | |
r-patched-linux-x86_64 | 0.4.0 | 15.95 | 145.07 | 161.02 | NOTE | |
r-release-linux-x86_64 | 0.4.0 | 16.56 | 144.64 | 161.20 | NOTE | |
r-release-macos-arm64 | 0.4.0 | 71.00 | NOTE | |||
r-release-macos-x86_64 | 0.4.0 | 157.00 | OK | |||
r-release-windows-x86_64 | 0.4.0 | 22.00 | 157.00 | 179.00 | NOTE | |
r-oldrel-macos-arm64 | 0.4.0 | 100.00 | OK | |||
r-oldrel-macos-x86_64 | 0.4.0 | 165.00 | OK | |||
r-oldrel-windows-x86_64 | 0.4.0 | 28.00 | 214.00 | 242.00 | OK |
Version: 0.4.0
Check: DESCRIPTION meta-information
Result: NOTE
Missing dependency on R >= 4.1.0 because package code uses the pipe
|> or function shorthand \(...) syntax added in R 4.1.0.
File(s) using such syntax:
‘column_group_by_drop_default.Rd’ ‘context.Rd’ ‘filter_column.Rd’
‘filter_row.Rd’ ‘join.Rd’ ‘row_group_by_drop_default.Rd’
Flavors: r-devel-linux-x86_64-debian-clang, r-devel-linux-x86_64-debian-gcc, r-devel-linux-x86_64-fedora-clang, r-devel-linux-x86_64-fedora-gcc, r-devel-windows-x86_64, r-patched-linux-x86_64, r-release-linux-x86_64, r-release-macos-arm64, r-release-windows-x86_64