Last updated on 2025-09-30 20:50:43 CEST.
Flavor | Version | Tinstall | Tcheck | Ttotal | Status | Flags |
---|---|---|---|---|---|---|
r-devel-linux-x86_64-debian-clang | 1.1.9 | 183.17 | 87.16 | 270.33 | OK | |
r-devel-linux-x86_64-debian-gcc | 1.1.9 | 117.52 | 60.13 | 177.65 | OK | |
r-devel-linux-x86_64-fedora-clang | 1.1.9 | 501.19 | OK | |||
r-devel-linux-x86_64-fedora-gcc | 1.1.9 | 468.65 | OK | |||
r-devel-windows-x86_64 | 1.1.9 | 206.00 | 167.00 | 373.00 | OK | |
r-patched-linux-x86_64 | 1.1.9 | 185.23 | 82.79 | 268.02 | OK | |
r-release-linux-x86_64 | 1.1.9 | 182.56 | 83.31 | 265.87 | OK | |
r-release-macos-arm64 | 1.1.9 | 104.00 | OK | |||
r-release-macos-x86_64 | 1.1.9 | 140.00 | OK | |||
r-release-windows-x86_64 | 1.1.9 | 211.00 | 164.00 | 375.00 | OK | |
r-oldrel-macos-arm64 | 1.1.9 | 97.00 | NOTE | |||
r-oldrel-macos-x86_64 | 1.1.9 | 135.00 | NOTE | |||
r-oldrel-windows-x86_64 | 1.1.9 | 247.00 | 193.00 | 440.00 | OK |
Version: 1.1.9
Check: installed package size
Result: NOTE
installed size is 14.1Mb
sub-directories of 1Mb or more:
libs 13.2Mb
Flavors: r-oldrel-macos-arm64, r-oldrel-macos-x86_64