CRAN Package Check Results for Package mAr

Last updated on 2025-07-20 08:49:41 CEST.

Flavor Version Tinstall Tcheck Ttotal Status Flags
r-devel-linux-x86_64-debian-clang 1.2-0 1.98 23.09 25.07 NOTE
r-devel-linux-x86_64-debian-gcc 1.2-0 1.55 19.19 20.74 NOTE
r-devel-linux-x86_64-fedora-clang 1.2-0 37.80 OK
r-devel-linux-x86_64-fedora-gcc 1.2-0 36.17 OK
r-devel-windows-x86_64 1.2-0 3.00 45.00 48.00 OK
r-patched-linux-x86_64 1.2-0 2.09 21.50 23.59 OK
r-release-linux-x86_64 1.2-0 2.07 21.55 23.62 OK
r-release-macos-arm64 1.2-0 17.00 OK
r-release-macos-x86_64 1.2-0 25.00 OK
r-release-windows-x86_64 1.2-0 3.00 45.00 48.00 OK
r-oldrel-macos-arm64 1.2-0 9.00 OK
r-oldrel-macos-x86_64 1.2-0 23.00 OK
r-oldrel-windows-x86_64 1.2-0 4.00 46.00 50.00 OK

Check Details

Version: 1.2-0
Check: CRAN incoming feasibility
Result: NOTE Maintainer: ‘S. M. Barbosa <susana.barbosa@fc.up.pt>’ No Authors@R field in DESCRIPTION. Please add one, modifying Authors@R: c(person(given = "Susana", family = "Barbosa", role = "aut"), person(given = c("S.", "M."), family = "Barbosa", role = "cre", email = "susana.barbosa@fc.up.pt")) as necessary. Flavors: r-devel-linux-x86_64-debian-clang, r-devel-linux-x86_64-debian-gcc