CRAN Package Check Results for Package jSDM

Last updated on 2025-07-20 08:49:40 CEST.

Flavor Version Tinstall Tcheck Ttotal Status Flags
r-devel-linux-x86_64-debian-clang 0.2.6 692.11 265.58 957.69 NOTE
r-devel-linux-x86_64-debian-gcc 0.2.6 492.61 177.61 670.22 NOTE
r-devel-linux-x86_64-fedora-clang 0.2.6 1763.83 NOTE
r-devel-linux-x86_64-fedora-gcc 0.2.6 1745.04 NOTE
r-devel-windows-x86_64 0.2.6 767.00 398.00 1165.00 NOTE
r-patched-linux-x86_64 0.2.6 698.18 249.26 947.44 NOTE
r-release-linux-x86_64 0.2.6 691.67 251.44 943.11 NOTE
r-release-macos-arm64 0.2.6 396.00 NOTE
r-release-macos-x86_64 0.2.6 492.00 NOTE
r-release-windows-x86_64 0.2.6 754.00 382.00 1136.00 NOTE
r-oldrel-macos-arm64 0.2.6 377.00 NOTE
r-oldrel-macos-x86_64 0.2.6 417.00 NOTE
r-oldrel-windows-x86_64 0.2.6 908.00 467.00 1375.00 NOTE

Check Details

Version: 0.2.6
Check: Rd files
Result: NOTE checkRd: (-1) jSDM_binomial_probit_long_format.Rd:45: Lost braces 45 | \code{species} \tab numeric or character eqn{n_{obs}}{n_obs}-length vector indicating the species observed, \cr | ^ checkRd: (-1) jSDM_binomial_probit_long_format.Rd:45: Lost braces; missing escapes or markup? 45 | \code{species} \tab numeric or character eqn{n_{obs}}{n_obs}-length vector indicating the species observed, \cr | ^ checkRd: (-1) jSDM_binomial_probit_long_format.Rd:45: Lost braces 45 | \code{species} \tab numeric or character eqn{n_{obs}}{n_obs}-length vector indicating the species observed, \cr | ^ Flavors: r-devel-linux-x86_64-debian-clang, r-devel-linux-x86_64-debian-gcc, r-devel-linux-x86_64-fedora-clang, r-devel-linux-x86_64-fedora-gcc, r-devel-windows-x86_64, r-patched-linux-x86_64, r-release-linux-x86_64, r-release-macos-arm64, r-release-macos-x86_64, r-release-windows-x86_64, r-oldrel-macos-arm64, r-oldrel-macos-x86_64, r-oldrel-windows-x86_64

Version: 0.2.6
Check: installed package size
Result: NOTE installed size is 34.2Mb sub-directories of 1Mb or more: libs 32.8Mb Flavors: r-oldrel-macos-arm64, r-oldrel-macos-x86_64